{"id":1102,"date":"2023-05-15T03:10:36","date_gmt":"2023-05-15T03:10:36","guid":{"rendered":"https:\/\/labone.vn\/bacterlab\/?page_id=1102"},"modified":"2024-09-17T08:00:58","modified_gmt":"2024-09-17T08:00:58","slug":"danh-muc-san-pham","status":"publish","type":"page","link":"https:\/\/labone.vn\/bacterlab\/danh-muc-san-pham\/","title":{"rendered":"Danh m\u1ee5c s\u1ea3n ph\u1ea9m"},"content":{"rendered":"\t<section class=\"section\" id=\"section_584551731\">\n\t\t<div class=\"bg section-bg fill bg-fill  bg-loaded\" >\n\n\t\t\t\n\t\t\t\n\t\t\t\n\n\t\t<\/div>\n\n\t\t<div class=\"section-content relative\">\n\t\t\t\n\n  <div class=\"banner has-hover\" id=\"banner-280663895\">\n          <div class=\"banner-inner fill\">\n        <div class=\"banner-bg fill\" >\n            <div class=\"bg fill bg-fill \"><\/div>\n                        <div class=\"overlay\"><\/div>            \n                    <\/div>\n        <div class=\"banner-layers container\">\n            <div class=\"fill banner-link\"><\/div>            \n   <div id=\"text-box-1557005339\" class=\"text-box banner-layer x50 md-x0 lg-x0 y50 md-y50 lg-y50 res-text\">\n                                <div class=\"text-box-content text dark\">\n              \n              <div class=\"text-inner text-left\">\n                  \n\t<div id=\"text-2086287056\" class=\"text\">\n\t\t\n<h4 class=\"uppercase\"><span style=\"color: #1e73be;\"><strong>Danh m\u1ee5c s\u1ea3n ph\u1ea9m<\/strong><\/span><\/h4>\n\t\t\n<style>\n#text-2086287056 {\n  font-size: 0.75rem;\n  color: rgb(255, 255, 255);\n}\n#text-2086287056 > * {\n  color: rgb(255, 255, 255);\n}\n@media (min-width:550px) {\n  #text-2086287056 {\n    font-size: 1.1rem;\n  }\n}\n<\/style>\n\t<\/div>\n\t\n<div class=\"is-divider divider clearfix\" style=\"margin-top:0px;margin-bottom:0px;max-width:10%;background-color:rgb(37, 115, 186);\"><\/div>\n<p><span style=\"color: #000000;\"><strong>BacterLab<\/strong> \u0111\u00e3 kh\u00f4ng ng\u1eebng nghi\u00ean c\u1ee9u v\u00e0 ph\u00e1t tri\u1ec3n c\u00e1c s\u1ea3n ph\u1ea9m vi sinh nh\u1eb1m t\u1eadp trung v\u00e0o c\u00e1c gi\u1ea3i ph\u00e1p ti\u1ec7n d\u1ee5ng trong ki\u1ec3m nghi\u1ec7m vi sinh v\u1eadt. C\u00e1c s\u1ea3n ph\u1ea9m nh\u01b0 : M\u00f4i tr\u01b0\u1eddng vi sinh \u0111\u1ed5 s\u1eb5n, thu th\u1eadp m\u1eabu vi sinh, chai c\u1ea5y m\u00e1u, khoanh gi\u1ea5y kh\u00e1ng sinh, test \u0111\u1ecbnh danh vi khu\u1ea9n, serum\u2026<\/span><\/p>\n              <\/div>\n           <\/div>\n                            \n<style>\n#text-box-1557005339 {\n  margin: 0px 0px 0px 0px;\n  width: 93%;\n}\n#text-box-1557005339 .text-box-content {\n  background-color: rgba(231, 231, 231, 0.465);\n  border-radius: 11px;\n  font-size: 100%;\n}\n#text-box-1557005339 .text-inner {\n  padding: 10px 10px 10px 10px;\n}\n@media (min-width:550px) {\n  #text-box-1557005339 {\n    margin: 0px 0px 0px 15px;\n    width: 66%;\n  }\n}\n<\/style>\n    <\/div>\n \n        <\/div>\n      <\/div>\n\n            \n<style>\n#banner-280663895 {\n  padding-top: 58%;\n}\n#banner-280663895 .bg.bg-loaded {\n  background-image: url(https:\/\/labone.vn\/bacterlab\/wp-content\/uploads\/2023\/08\/IRIS-SALMONELLA_Banner-do-Post-_1100x300-1.jpg);\n}\n#banner-280663895 .overlay {\n  background-color: rgba(178, 218, 235, 0.686);\n}\n#banner-280663895 .bg {\n  background-position: 37% 0%;\n}\n@media (min-width:550px) {\n  #banner-280663895 {\n    padding-top: 21%;\n  }\n}\n<\/style>\n  <\/div>\n\n\n\t\t<\/div>\n\n\t\t\n<style>\n#section_584551731 {\n  padding-top: 0px;\n  padding-bottom: 0px;\n}\n<\/style>\n\t<\/section>\n\t\n\t<section class=\"section\" id=\"section_1167342589\">\n\t\t<div class=\"bg section-bg fill bg-fill  bg-loaded\" >\n\n\t\t\t\n\t\t\t\n\t\t\t\n\n\t\t<\/div>\n\n\t\t<div class=\"section-content relative\">\n\t\t\t\n<div class=\"row\"  id=\"row-353918977\">\n\n\t<div id=\"col-251311221\" class=\"col col-hover-text-vs medium-8 small-12 large-8\"  >\n\t\t\t\t<div class=\"col-inner\"  >\n\t\t\t\n\t\t\t\n<div class=\"row row-batter-dmsp-vi row-box-shadow-1 row-box-shadow-4-hover\"  id=\"row-649254244\">\n\n\t<div id=\"col-1189113782\" class=\"col medium-6 small-12 large-6\"  >\n\t\t\t\t<div class=\"col-inner\"  >\n\t\t\t\n\t\t\t\n\t<div class=\"box has-hover   has-hover box-text-bottom\" >\n\n\t\t<div class=\"box-image\" style=\"border-radius:5%;\">\n\t\t\t<a href=\"https:\/\/labone.vn\/bacterlab\/product-category\/moi-truong-vi-sinh-san-su-dung\/\"  >\t\t\t<div class=\"\" >\n\t\t\t\t<img loading=\"lazy\" decoding=\"async\" width=\"500\" height=\"300\" src=\"https:\/\/labone.vn\/bacterlab\/wp-content\/uploads\/2023\/08\/moi-truong-nuoi-cay.jpg\" class=\"attachment-original size-original\" alt=\"\" srcset=\"https:\/\/labone.vn\/bacterlab\/wp-content\/uploads\/2023\/08\/moi-truong-nuoi-cay.jpg 500w, https:\/\/labone.vn\/bacterlab\/wp-content\/uploads\/2023\/08\/moi-truong-nuoi-cay-300x180.jpg 300w\" sizes=\"auto, (max-width: 500px) 100vw, 500px\" \/>\t\t\t\t\t\t\t\t\t\t\t<\/div>\n\t\t\t<\/a>\t\t<\/div>\n\n\t\t<div class=\"box-text text-center is-large\" >\n\t\t\t<div class=\"box-text-inner\">\n\t\t\t\t\n<p><a href=\"https:\/\/labone.vn\/bacterlab\/product-category\/moi-truong-vi-sinh-san-su-dung\/\"><span style=\"font-size: 100%;\"><strong>\u0110\u0129a m\u00f4i tr\u01b0\u1eddng vi sinh s\u1eb3n s\u1eed d\u1ee5ng <\/strong><\/span><\/a><\/p>\n\t\t\t<\/div>\n\t\t<\/div>\n\t<\/div>\n\t\n\t\t<\/div>\n\t\t\t\t\n<style>\n#col-1189113782 > .col-inner {\n  margin: 0px 0px 25px 0px;\n}\n<\/style>\n\t<\/div>\n\n\t\n\n\t<div id=\"col-340427303\" class=\"col medium-6 small-12 large-6\"  >\n\t\t\t\t<div class=\"col-inner\"  >\n\t\t\t\n\t\t\t\n\t<div class=\"box has-hover   has-hover box-text-bottom\" >\n\n\t\t<div class=\"box-image\" style=\"border-radius:5%;\">\n\t\t\t<a href=\"https:\/\/labone.vn\/bacterlab\/thu-thap-mau-vi-sinh\/\"  >\t\t\t<div class=\"\" >\n\t\t\t\t<img loading=\"lazy\" decoding=\"async\" width=\"500\" height=\"300\" src=\"https:\/\/labone.vn\/bacterlab\/wp-content\/uploads\/2023\/08\/kiem-soat-moi-truong.png\" class=\"attachment-original size-original\" alt=\"\" srcset=\"https:\/\/labone.vn\/bacterlab\/wp-content\/uploads\/2023\/08\/kiem-soat-moi-truong.png 500w, https:\/\/labone.vn\/bacterlab\/wp-content\/uploads\/2023\/08\/kiem-soat-moi-truong-300x180.png 300w\" sizes=\"auto, (max-width: 500px) 100vw, 500px\" \/>\t\t\t\t\t\t\t\t\t\t\t<\/div>\n\t\t\t<\/a>\t\t<\/div>\n\n\t\t<div class=\"box-text text-center is-large\" >\n\t\t\t<div class=\"box-text-inner\">\n\t\t\t\t\n<p><a href=\"https:\/\/labone.vn\/bacterlab\/thu-thap-mau-vi-sinh\/\"><span style=\"font-size: 100%;\"><strong>Thu th\u1eadp m\u1eabu vi sinh<\/strong><\/span><\/a><\/p>\n\t\t\t<\/div>\n\t\t<\/div>\n\t<\/div>\n\t\n\t\t<\/div>\n\t\t\t\t\n<style>\n#col-340427303 > .col-inner {\n  margin: 0px 0px 25px 0px;\n}\n<\/style>\n\t<\/div>\n\n\t\n\n\t<div id=\"col-1467666860\" class=\"col medium-6 small-12 large-6\"  >\n\t\t\t\t<div class=\"col-inner\"  >\n\t\t\t\n\t\t\t\n\t<div class=\"box has-hover   has-hover box-text-bottom\" >\n\n\t\t<div class=\"box-image\" style=\"border-radius:5%;\">\n\t\t\t<a href=\"https:\/\/labone.vn\/bacterlab\/product-category\/dem-pha-loang-va-tang-sinh\/\"  >\t\t\t<div class=\"\" >\n\t\t\t\t<img loading=\"lazy\" decoding=\"async\" width=\"500\" height=\"300\" src=\"https:\/\/labone.vn\/bacterlab\/wp-content\/uploads\/2023\/08\/dem-trung-hoa-va-tang-sinh.jpg\" class=\"attachment-original size-original\" alt=\"\" srcset=\"https:\/\/labone.vn\/bacterlab\/wp-content\/uploads\/2023\/08\/dem-trung-hoa-va-tang-sinh.jpg 500w, https:\/\/labone.vn\/bacterlab\/wp-content\/uploads\/2023\/08\/dem-trung-hoa-va-tang-sinh-300x180.jpg 300w\" sizes=\"auto, (max-width: 500px) 100vw, 500px\" \/>\t\t\t\t\t\t\t\t\t\t\t<\/div>\n\t\t\t<\/a>\t\t<\/div>\n\n\t\t<div class=\"box-text text-center is-large\" >\n\t\t\t<div class=\"box-text-inner\">\n\t\t\t\t\n<p><a href=\"https:\/\/labone.vn\/bacterlab\/product-category\/dem-pha-loang-va-tang-sinh\/\"><span style=\"font-size: 100%;\"><strong>\u0110\u1ec7m pha lo\u00e3ng v\u00e0 t\u0103ng sinh<\/strong><\/span><\/a><\/p>\n\t\t\t<\/div>\n\t\t<\/div>\n\t<\/div>\n\t\n\t\t<\/div>\n\t\t\t\t\n<style>\n#col-1467666860 > .col-inner {\n  margin: 0px 0px 25px 0px;\n}\n<\/style>\n\t<\/div>\n\n\t\n\n\t<div id=\"col-587971495\" class=\"col medium-6 small-12 large-6\"  >\n\t\t\t\t<div class=\"col-inner\"  >\n\t\t\t\n\t\t\t\n\t<div class=\"box has-hover   has-hover box-text-bottom\" >\n\n\t\t<div class=\"box-image\" style=\"border-radius:5%;\">\n\t\t\t<a href=\"https:\/\/labone.vn\/bacterlab\/product-category\/chai-cay-mau\/\"  >\t\t\t<div class=\"\" >\n\t\t\t\t<img loading=\"lazy\" decoding=\"async\" width=\"500\" height=\"300\" src=\"https:\/\/labone.vn\/bacterlab\/wp-content\/uploads\/2023\/08\/CAY-MAU.jpg\" class=\"attachment-original size-original\" alt=\"\" srcset=\"https:\/\/labone.vn\/bacterlab\/wp-content\/uploads\/2023\/08\/CAY-MAU.jpg 500w, https:\/\/labone.vn\/bacterlab\/wp-content\/uploads\/2023\/08\/CAY-MAU-300x180.jpg 300w\" sizes=\"auto, (max-width: 500px) 100vw, 500px\" \/>\t\t\t\t\t\t\t\t\t\t\t<\/div>\n\t\t\t<\/a>\t\t<\/div>\n\n\t\t<div class=\"box-text text-center is-large\" >\n\t\t\t<div class=\"box-text-inner\">\n\t\t\t\t\n<p><a href=\"https:\/\/labone.vn\/bacterlab\/product-category\/chai-cay-mau\/\"><span style=\"font-size: 100%;\"><strong>Chai c\u1ea5y m\u00e1u<\/strong><\/span><\/a><\/p>\n\t\t\t<\/div>\n\t\t<\/div>\n\t<\/div>\n\t\n\t\t<\/div>\n\t\t\t\t\n<style>\n#col-587971495 > .col-inner {\n  margin: 0px 0px 25px 0px;\n}\n<\/style>\n\t<\/div>\n\n\t\n\n\t<div id=\"col-377323963\" class=\"col medium-6 small-12 large-6\"  >\n\t\t\t\t<div class=\"col-inner\"  >\n\t\t\t\n\t\t\t\n\t<div class=\"box has-hover   has-hover box-text-bottom\" >\n\n\t\t<div class=\"box-image\" style=\"border-radius:5%;\">\n\t\t\t<a href=\"https:\/\/labone.vn\/bacterlab\/product-category\/khoanh-giay-khang-sinh\/\"  >\t\t\t<div class=\"\" >\n\t\t\t\t<img loading=\"lazy\" decoding=\"async\" width=\"500\" height=\"300\" src=\"https:\/\/labone.vn\/bacterlab\/wp-content\/uploads\/2023\/08\/khoanh-giay-khang-sinh.jpg\" class=\"attachment-original size-original\" alt=\"\" srcset=\"https:\/\/labone.vn\/bacterlab\/wp-content\/uploads\/2023\/08\/khoanh-giay-khang-sinh.jpg 500w, https:\/\/labone.vn\/bacterlab\/wp-content\/uploads\/2023\/08\/khoanh-giay-khang-sinh-300x180.jpg 300w\" sizes=\"auto, (max-width: 500px) 100vw, 500px\" \/>\t\t\t\t\t\t\t\t\t\t\t<\/div>\n\t\t\t<\/a>\t\t<\/div>\n\n\t\t<div class=\"box-text text-center is-large\" >\n\t\t\t<div class=\"box-text-inner\">\n\t\t\t\t\n<p><a href=\"https:\/\/labone.vn\/bacterlab\/product-category\/khoanh-giay-khang-sinh\/\"><span style=\"font-size: 100%;\"><strong>Khoanh gi\u1ea5y kh\u00e1ng sinh<\/strong><\/span><\/a><\/p>\n\t\t\t<\/div>\n\t\t<\/div>\n\t<\/div>\n\t\n\t\t<\/div>\n\t\t\t\t\n<style>\n#col-377323963 > .col-inner {\n  margin: 0px 0px 25px 0px;\n}\n<\/style>\n\t<\/div>\n\n\t\n\n\t<div id=\"col-1649057015\" class=\"col medium-6 small-12 large-6\"  >\n\t\t\t\t<div class=\"col-inner\"  >\n\t\t\t\n\t\t\t\n\t<div class=\"box has-hover   has-hover box-text-bottom\" >\n\n\t\t<div class=\"box-image\" style=\"border-radius:5%;\">\n\t\t\t<a href=\"https:\/\/labone.vn\/bacterlab\/product-category\/dinh-danh-vi-khuan\/\"  >\t\t\t<div class=\"\" >\n\t\t\t\t<img loading=\"lazy\" decoding=\"async\" width=\"500\" height=\"300\" src=\"https:\/\/labone.vn\/bacterlab\/wp-content\/uploads\/2023\/08\/test-dinh-danh-vi-khuan.jpg\" class=\"attachment-original size-original\" alt=\"\" srcset=\"https:\/\/labone.vn\/bacterlab\/wp-content\/uploads\/2023\/08\/test-dinh-danh-vi-khuan.jpg 500w, https:\/\/labone.vn\/bacterlab\/wp-content\/uploads\/2023\/08\/test-dinh-danh-vi-khuan-300x180.jpg 300w\" sizes=\"auto, (max-width: 500px) 100vw, 500px\" \/>\t\t\t\t\t\t\t\t\t\t\t<\/div>\n\t\t\t<\/a>\t\t<\/div>\n\n\t\t<div class=\"box-text text-center is-large\" >\n\t\t\t<div class=\"box-text-inner\">\n\t\t\t\t\n<p><a href=\"https:\/\/labone.vn\/bacterlab\/product-category\/dinh-danh-vi-khuan\/\"><span style=\"font-size: 100%;\"><strong>\u0110\u1ecbnh danh vi khu\u1ea9n<\/strong><\/span><\/a><\/p>\n\t\t\t<\/div>\n\t\t<\/div>\n\t<\/div>\n\t\n\t\t<\/div>\n\t\t\t\t\n<style>\n#col-1649057015 > .col-inner {\n  margin: 0px 0px 25px 0px;\n}\n<\/style>\n\t<\/div>\n\n\t\n\n\t<div id=\"col-153832218\" class=\"col medium-6 small-12 large-6\"  >\n\t\t\t\t<div class=\"col-inner\"  >\n\t\t\t\n\t\t\t\n\t<div class=\"box has-hover   has-hover box-text-bottom\" >\n\n\t\t<div class=\"box-image\" style=\"border-radius:5%;\">\n\t\t\t<a href=\"https:\/\/labone.vn\/bacterlab\/product-category\/serum\/\"  >\t\t\t<div class=\"\" >\n\t\t\t\t<img loading=\"lazy\" decoding=\"async\" width=\"500\" height=\"300\" src=\"https:\/\/labone.vn\/bacterlab\/wp-content\/uploads\/2023\/08\/mau-cuu-mau-ngua-khu-soi-huyet-bacterlab.jpg\" class=\"attachment-original size-original\" alt=\"\" srcset=\"https:\/\/labone.vn\/bacterlab\/wp-content\/uploads\/2023\/08\/mau-cuu-mau-ngua-khu-soi-huyet-bacterlab.jpg 500w, https:\/\/labone.vn\/bacterlab\/wp-content\/uploads\/2023\/08\/mau-cuu-mau-ngua-khu-soi-huyet-bacterlab-300x180.jpg 300w\" sizes=\"auto, (max-width: 500px) 100vw, 500px\" \/>\t\t\t\t\t\t\t\t\t\t\t<\/div>\n\t\t\t<\/a>\t\t<\/div>\n\n\t\t<div class=\"box-text text-center is-large\" >\n\t\t\t<div class=\"box-text-inner\">\n\t\t\t\t\n<p><a href=\"https:\/\/labone.vn\/bacterlab\/product-category\/serum\/\"><span style=\"font-size: 100%;\"><strong>Serum<\/strong><\/span><\/a><\/p>\n\t\t\t<\/div>\n\t\t<\/div>\n\t<\/div>\n\t\n\t\t<\/div>\n\t\t\t\t\n<style>\n#col-153832218 > .col-inner {\n  margin: 0px 0px 25px 0px;\n}\n<\/style>\n\t<\/div>\n\n\t\n\n\t<div id=\"col-906515273\" class=\"col medium-6 small-12 large-6\"  >\n\t\t\t\t<div class=\"col-inner\"  >\n\t\t\t\n\t\t\t\n\t<div class=\"box has-hover   has-hover box-text-bottom\" >\n\n\t\t<div class=\"box-image\" style=\"border-radius:5%;\">\n\t\t\t<a href=\"https:\/\/labone.vn\/bacterlab\/product-category\/thuoc-nhuom\/\"  >\t\t\t<div class=\"\" >\n\t\t\t\t<img loading=\"lazy\" decoding=\"async\" width=\"500\" height=\"300\" src=\"https:\/\/labone.vn\/bacterlab\/wp-content\/uploads\/2023\/08\/demo-nuoi-cay.jpg\" class=\"attachment-original size-original\" alt=\"\" srcset=\"https:\/\/labone.vn\/bacterlab\/wp-content\/uploads\/2023\/08\/demo-nuoi-cay.jpg 500w, https:\/\/labone.vn\/bacterlab\/wp-content\/uploads\/2023\/08\/demo-nuoi-cay-300x180.jpg 300w\" sizes=\"auto, (max-width: 500px) 100vw, 500px\" \/>\t\t\t\t\t\t\t\t\t\t\t<\/div>\n\t\t\t<\/a>\t\t<\/div>\n\n\t\t<div class=\"box-text text-center is-large\" >\n\t\t\t<div class=\"box-text-inner\">\n\t\t\t\t\n<p><a class=\"thin-font\" href=\"https:\/\/labone.vn\/bacterlab\/product-category\/thuoc-nhuom\/\"><span style=\"font-size: 100%;\"><strong>Thu\u1ed1c th\u1eed &#8211; Thu\u1ed1c nhu\u1ed9m<\/strong><\/span><\/a><\/p>\n\t\t\t<\/div>\n\t\t<\/div>\n\t<\/div>\n\t\n\t\t<\/div>\n\t\t\t\t\n<style>\n#col-906515273 > .col-inner {\n  margin: 0px 0px 25px 0px;\n}\n<\/style>\n\t<\/div>\n\n\t\n\n<style>\n#row-649254244 > .col > .col-inner {\n  border-radius: 15px;\n}\n<\/style>\n<\/div>\n\t\t<\/div>\n\t\t\t\t\n<style>\n#col-251311221 > .col-inner {\n  margin: 0px 0px 0 0px;\n}\n<\/style>\n\t<\/div>\n\n\t\n\n\t<div id=\"col-1963429119\" class=\"col col-cha-navbar-content medium-4 small-12 large-4\"  >\n\t\t\t\t<div class=\"col-inner\"  >\n\t\t\t\n\t\t\t\n<div class=\"container section-title-container\" ><h4 class=\"section-title section-title-normal\"><b><\/b><span class=\"section-title-main\" >li\u00ean h\u1ec7 v\u1edbi ch\u00fang t\u00f4i<\/span><b><\/b><\/h4><\/div>\n<div class=\"row\"  id=\"row-1690541397\">\n\n\t<div id=\"col-2126386509\" class=\"col small-12 large-12\"  >\n\t\t\t\t<div class=\"col-inner text-left\"  >\n\t\t\t\n\t\t\t\n<a class=\"button primary is-outline\"  style=\"border-radius:99px;\">\n    <span>HOTLINE: 0978 782 147<\/span>\n  <\/a>\n\n<a class=\"button primary is-outline lowercase\"  style=\"border-radius:99px;\">\n    <span>Email: info@labone.vn<\/span>\n  <\/a>\n\n<div class=\"container section-title-container\" ><h4 class=\"section-title section-title-normal\"><b><\/b><span class=\"section-title-main\" >T\u00c0I LI\u1ec6U CHIA S\u1eba<\/span><b><\/b><\/h4><\/div>\n<ul>\n<li><a href=\"https:\/\/download.labone.vn\/brochure\/\">BROCHURE\/CATALOGUE<\/a><\/li>\n<li><a href=\"https:\/\/download.labone.vn\/huong-dan-su-dung\/\">H\u01af\u1edaNG D\u1eaaN S\u1eec D\u1ee4NG<\/a><\/li>\n<li><a href=\"https:\/\/download.labone.vn\/bang-chi-dan-an-toan-hoa-chat-msds\/\">AN TO\u00c0N H\u00d3A CH\u1ea4T(MSDS)<\/a><\/li>\n<\/ul>\n\t\t<\/div>\n\t\t\t\t\n<style>\n#col-2126386509 > .col-inner {\n  padding: 0px 0px 0px 0px;\n}\n<\/style>\n\t<\/div>\n\n\t\n<\/div>\n\t\t<\/div>\n\t\t\t\t\t<\/div>\n\n\t\n\n<style>\n#row-353918977 > .col > .col-inner {\n  padding: 30px 0px 0px 0px;\n}\n@media (min-width:550px) {\n  #row-353918977 > .col > .col-inner {\n    padding: 30px 0px 20px 0px;\n  }\n}\n<\/style>\n<\/div>\n\t\t<\/div>\n\n\t\t\n<style>\n#section_1167342589 {\n  padding-top: 0px;\n  padding-bottom: 0px;\n}\n<\/style>\n\t<\/section>\n\t\n","protected":false},"excerpt":{"rendered":"","protected":false},"author":1,"featured_media":0,"parent":0,"menu_order":0,"comment_status":"closed","ping_status":"closed","template":"page-blank.php","meta":{"footnotes":""},"class_list":["post-1102","page","type-page","status-publish","hentry"],"_links":{"self":[{"href":"https:\/\/labone.vn\/bacterlab\/wp-json\/wp\/v2\/pages\/1102","targetHints":{"allow":["GET"]}}],"collection":[{"href":"https:\/\/labone.vn\/bacterlab\/wp-json\/wp\/v2\/pages"}],"about":[{"href":"https:\/\/labone.vn\/bacterlab\/wp-json\/wp\/v2\/types\/page"}],"author":[{"embeddable":true,"href":"https:\/\/labone.vn\/bacterlab\/wp-json\/wp\/v2\/users\/1"}],"replies":[{"embeddable":true,"href":"https:\/\/labone.vn\/bacterlab\/wp-json\/wp\/v2\/comments?post=1102"}],"version-history":[{"count":28,"href":"https:\/\/labone.vn\/bacterlab\/wp-json\/wp\/v2\/pages\/1102\/revisions"}],"predecessor-version":[{"id":2508,"href":"https:\/\/labone.vn\/bacterlab\/wp-json\/wp\/v2\/pages\/1102\/revisions\/2508"}],"wp:attachment":[{"href":"https:\/\/labone.vn\/bacterlab\/wp-json\/wp\/v2\/media?parent=1102"}],"curies":[{"name":"wp","href":"https:\/\/api.w.org\/{rel}","templated":true}]}}