{"id":1747,"date":"2023-08-09T06:39:57","date_gmt":"2023-08-09T06:39:57","guid":{"rendered":"https:\/\/labone.vn\/bacterlab\/?post_type=product&#038;p=1747"},"modified":"2024-01-26T07:44:09","modified_gmt":"2024-01-26T07:44:09","slug":"bactertest-dia-giay-oxidase","status":"publish","type":"product","link":"https:\/\/labone.vn\/bacterlab\/product\/bactertest-dia-giay-oxidase\/","title":{"rendered":"BacterTest\u2122 \u0110\u0129a gi\u1ea5y Oxidase"},"content":{"rendered":"<p><span style=\"color: #3366ff;\"><strong> M\u1ee4C \u0110\u00cdCH S\u1eec D\u1ee4NG<\/strong><\/span><\/p>\n<p><strong>BacterTest\u2122 \u0110\u0129a gi\u1ea5y Oxidase<\/strong> th\u1ef1c hi\u1ec7n th\u1eed nghi\u1ec7m Oxidase \u0111\u01b0\u1ee3c s\u1eed d\u1ee5ng \u0111\u1ec3 x\u00e1c \u0111\u1ecbnh vi khu\u1ea9n sinh cytochrome oxidase, m\u1ed9t enzyme c\u1ee7a chu\u1ed7i v\u1eadn chuy\u1ec3n \u0111i\u1ec7n t\u1eed vi khu\u1ea9n.<\/p>\n<p><span style=\"color: #3366ff;\"><strong>\u00a0<\/strong><strong style=\"font-size: 14.4px;\">NGUY\u00caN T\u1eaeC<\/strong><\/span><\/p>\n<ul>\n<li><strong>BacterTest\u2122 \u0110\u0129a gi\u1ea5y Oxidase<\/strong> Thu\u1ed1c th\u1eed Oxidase c\u00f3 th\u00e0nh ph\u1ea7n l\u00e0 c\u00e1c enzyme x\u00fac t\u00e1c d\u00f9ng trong c\u00e1c ph\u1ea3n \u1ee9ng \u00f4xy h\u00f3a-kh\u1eed, trong \u0111\u00f3 oxy O<sub>2<\/sub> l\u00e0 ch\u1ea5t nh\u1eadn electron. Trong c\u00e1c ph\u1ea3n \u1ee9ng n\u00e0y, oxy b\u1ecb kh\u1eed th\u00e0nh n\u01b0\u1edbc (H<sub>2<\/sub>O) ho\u1eb7c hydro peroxide (H<sub>2<\/sub>O<sub>2<\/sub>).<\/li>\n<li>Oxydase \u0111\u01b0\u1ee3c \u1ee9ng d\u1ee5ng trong vi sinh v\u1eadt h\u1ecdc, d\u00f9ng \u0111\u1ec3 x\u00e1c \u0111\u1ecbnh c\u00e1c lo\u1ea1i ch\u1ee7ng vi khu\u1ea9n qua vi\u1ec7c c\u00e1c vi khu\u1ea9n \u0111\u00f3 t\u1ea1o ra c\u00e1c cytochrome oxidases.<\/li>\n<li>V\u1edbi s\u1ef1 hi\u1ec7n di\u1ec7n c\u1ee7a oxy ph\u00e2n t\u1eed, enzyme cytochrome oxydase c\u1ee7a vi khu\u1ea9n s\u1ebd oxy h\u00f3a phenylenediamine trong thu\u1ed1c th\u1eed kh\u00f4ng m\u00e0u th\u00e0nh h\u1ee3p ch\u1ea5t c\u00f3 m\u00e0u t\u1eeb t\u00edm \u0111\u1eadm \u0111\u1ebfn xanh lam, m\u00e0u xanh indophenol. Do \u0111\u00f3, n\u1ebfu vi khu\u1ea9n c\u00f3 cytochrome oxidase th\u00ec s\u1ebd c\u00f3 m\u00e0u t\u00edm \u0111\u1eadm\/xanh lam, nh\u01b0ng n\u1ebfu vi khu\u1ea9n thi\u1ebfu enzyme \u0111\u00f3 th\u00ec s\u1ebd kh\u00f4ng c\u00f3 s\u1ef1 thay \u0111\u1ed5i m\u00e0u s\u1eafc.<\/li>\n<\/ul>\n","protected":false},"excerpt":{"rendered":"<ul>\n<li><span style=\"color: #000000;\">Th\u1ef1c hi\u1ec7n th\u1eed nghi\u1ec7m Oxidase.<\/span><\/li>\n<li><span style=\"color: #000000;\">Code: <strong>06008<\/strong><\/span><\/li>\n<li><span style=\"color: #000000;\">Quy c\u00e1ch: 50 \u0111\u0129a\/ l\u1ecd ho\u1eb7c theo y\u00eau c\u1ea7u c\u1ee7a kh\u00e1ch h\u00e0ng.<\/span><\/li>\n<li><span style=\"color: #000000;\">\u0110\u01b0\u1eddng k\u00ednh \u0111\u0129a: 6mm<\/span><\/li>\n<li><span style=\"color: #000000;\">B\u1ea3o qu\u1ea3n l\u01b0u tr\u1eef: 2 \u2013 8\u00b0C<\/span><\/li>\n<li><span style=\"color: #000000;\">V\u1eadn chuy\u1ec3n: Nhi\u1ec7t \u0111\u1ed9 m\u00f4i tr\u01b0\u1eddng<\/span><\/li>\n<li>H\u1ea1n s\u1eed d\u1ee5ng: 24 th\u00e1ng k\u1ec3 t\u1eeb ng\u00e0y s\u1ea3n xu\u1ea5t<\/li>\n<\/ul>\n","protected":false},"featured_media":2332,"template":"","meta":[],"product_cat":[17],"product_tag":[],"class_list":["post-1747","product","type-product","status-publish","has-post-thumbnail","hentry","product_cat-mac-dinh"],"_links":{"self":[{"href":"https:\/\/labone.vn\/bacterlab\/wp-json\/wp\/v2\/product\/1747","targetHints":{"allow":["GET"]}}],"collection":[{"href":"https:\/\/labone.vn\/bacterlab\/wp-json\/wp\/v2\/product"}],"about":[{"href":"https:\/\/labone.vn\/bacterlab\/wp-json\/wp\/v2\/types\/product"}],"wp:featuredmedia":[{"embeddable":true,"href":"https:\/\/labone.vn\/bacterlab\/wp-json\/wp\/v2\/media\/2332"}],"wp:attachment":[{"href":"https:\/\/labone.vn\/bacterlab\/wp-json\/wp\/v2\/media?parent=1747"}],"wp:term":[{"taxonomy":"product_cat","embeddable":true,"href":"https:\/\/labone.vn\/bacterlab\/wp-json\/wp\/v2\/product_cat?post=1747"},{"taxonomy":"product_tag","embeddable":true,"href":"https:\/\/labone.vn\/bacterlab\/wp-json\/wp\/v2\/product_tag?post=1747"}],"curies":[{"name":"wp","href":"https:\/\/api.w.org\/{rel}","templated":true}]}}