{"id":1839,"date":"2023-08-11T04:00:46","date_gmt":"2023-08-11T04:00:46","guid":{"rendered":"https:\/\/labone.vn\/bacterlab\/?post_type=product&#038;p=1839"},"modified":"2023-08-11T04:00:47","modified_gmt":"2023-08-11T04:00:47","slug":"tracemedia-rodac-sabouraud-dextrose-agar","status":"publish","type":"product","link":"https:\/\/labone.vn\/bacterlab\/product\/tracemedia-rodac-sabouraud-dextrose-agar\/","title":{"rendered":"TraceMedia\u2122 Rodac Sabouraud Dextrose Agar"},"content":{"rendered":"<p><span style=\"font-size: 100%; color: #0000ff;\"><strong>M\u1ee4C \u0110\u00cdCH S\u1eec D\u1ee4NG<\/strong><\/span><\/p>\n<ul>\n<li><span style=\"color: #000000;\"><span style=\"color: #3366ff;\"><strong>TraceMedia\u2122 Rodac Sabouraud Dextrose Agar <\/strong><\/span>l\u00e0 m\u00f4i tr\u01b0\u1eddng \u0111\u1ed5 s\u1eb5n tr\u00ean \u0111\u0129a rodac 55mm \u0111\u01b0\u1ee3c d\u00f9ng \u0111\u1ec3 m\u00f4i tr\u01b0\u1eddng nu\u00f4i c\u1ea5y n\u1ea5m d\u00f9ng l\u1ea5y m\u1eabu vi sinh b\u1ec1 m\u1eb7t.<\/span><\/li>\n<\/ul>\n<p><span style=\"font-size: 100%; color: #0000ff;\"><strong> NGUY\u00caN T\u1eaeC<\/strong><\/span><\/p>\n<ul>\n<li><span style=\"color: #000000;\"><span style=\"color: #3366ff;\"><strong>TraceMedia\u2122 Rodac Sabouraud Dextrose Agar<\/strong><\/span> l\u00e0 m\u00f4i tr\u01b0\u1eddng \u0111\u01b0\u1ee3c x\u00e2y d\u1ef1ng v\u1edbi pH kho\u1ea3ng 5.6 th\u00fac \u0111\u1ea9y ph\u00e1t tri\u1ec3n c\u1ee7a c\u00e1c lo\u00e0i n\u1ea5m \u0111\u1eb7c bi\u1ec7t l\u00e0 chi dermatophyte \u0111\u1ed3ng th\u1eddi \u1ee9c ch\u1ebf s\u1ef1 sinh tr\u01b0\u1edfng v\u00e0 ph\u00e1t tri\u1ec3n c\u1ee7a c\u00e1c vi khu\u1ea9n kh\u00e1c trong m\u1eabu. S\u1ea3n ph\u1ea9m v\u1edbi th\u00e0nh ph\u1ea7n bao g\u1ed3m peptone cung c\u1ea5p ngu\u1ed3n dinh d\u01b0\u1ee1ng l\u00e0 amino acid, nit\u01a1 cho sinh tr\u01b0\u1edfng v\u00e0 ph\u00e1t tri\u1ec3n. Dextrose cung c\u1ea5p ngu\u1ed3n carbon v\u00e0 \u0111\u01b0\u1ee3c coi nh\u01b0 l\u00e0 m\u1ed9t ngu\u1ed3n n\u0103ng l\u01b0\u1ee3ng.<\/span><\/li>\n<\/ul>\n<p><span style=\"font-size: 100%; color: #0000ff;\"><strong>K\u1ebeT QU\u1ea2<\/strong><\/span><\/p>\n<ul>\n<li><span style=\"color: #000000;\">Sau khi \u1ee7 theo th\u1eddi gian y\u00eau c\u1ea7u th\u01b0\u1eddng t\u1eeb 3\u20135 ng\u00e0y, ki\u1ec3m tra \u0111\u0129a \u0111\u1ec3 xem c\u00f3 s\u1ef1 xu\u1ea5t hi\u1ec7n c\u1ee7a vi n\u1ea5m hay kh\u00f4ng. K\u1ebft qu\u1ea3 s\u1ebd \u0111\u01b0\u1ee3c \u0111\u00e1nh gi\u00e1 b\u1eb1ng c\u00e1ch \u0111\u1ebfm s\u1ed1 l\u01b0\u1ee3ng vi n\u1ea5m tr\u00ean \u0111\u0129a.<\/span><\/li>\n<\/ul>\n","protected":false},"excerpt":{"rendered":"<ul>\n<li><span style=\"color: #000000;\">M\u00f4i tr\u01b0\u1eddng nu\u00f4i c\u1ea5y n\u1ea5m d\u00f9ng l\u1ea5y m\u1eabu vi sinh b\u1ec1 m\u1eb7t.<\/span><\/li>\n<li><span style=\"color: #000000;\">Code: TM12522.<\/span><\/li>\n<li><span style=\"color: #000000;\">Quy c\u00e1ch: 10 \u0111\u0129a\/ h\u1ed9p.<\/span><\/li>\n<li><span style=\"color: #000000;\">B\u1ea3o qu\u1ea3n l\u01b0u tr\u1eef: 2 \u2013 8\u00b0C.<\/span><\/li>\n<li><span style=\"color: #000000;\">V\u1eadn chuy\u1ec3n: Nhi\u1ec7t \u0111\u1ed9 m\u00f4i tr\u01b0\u1eddng.<\/span><\/li>\n<li><span style=\"color: #000000;\">H\u1ea1n s\u1eed d\u1ee5ng: 03 th\u00e1ng\/ 06 th\u00e1ng\/ 09 th\u00e1ng k\u1ec3 t\u1eeb ng\u00e0y s\u1ea3n xu\u1ea5t.<\/span><\/li>\n<\/ul>\n","protected":false},"featured_media":1838,"template":"","meta":[],"product_cat":[177],"product_tag":[],"class_list":["post-1839","product","type-product","status-publish","has-post-thumbnail","hentry","product_cat-moi-truong-lay-mau-be-mat"],"_links":{"self":[{"href":"https:\/\/labone.vn\/bacterlab\/wp-json\/wp\/v2\/product\/1839","targetHints":{"allow":["GET"]}}],"collection":[{"href":"https:\/\/labone.vn\/bacterlab\/wp-json\/wp\/v2\/product"}],"about":[{"href":"https:\/\/labone.vn\/bacterlab\/wp-json\/wp\/v2\/types\/product"}],"wp:featuredmedia":[{"embeddable":true,"href":"https:\/\/labone.vn\/bacterlab\/wp-json\/wp\/v2\/media\/1838"}],"wp:attachment":[{"href":"https:\/\/labone.vn\/bacterlab\/wp-json\/wp\/v2\/media?parent=1839"}],"wp:term":[{"taxonomy":"product_cat","embeddable":true,"href":"https:\/\/labone.vn\/bacterlab\/wp-json\/wp\/v2\/product_cat?post=1839"},{"taxonomy":"product_tag","embeddable":true,"href":"https:\/\/labone.vn\/bacterlab\/wp-json\/wp\/v2\/product_tag?post=1839"}],"curies":[{"name":"wp","href":"https:\/\/api.w.org\/{rel}","templated":true}]}}