{"id":1842,"date":"2023-08-11T04:13:06","date_gmt":"2023-08-11T04:13:06","guid":{"rendered":"https:\/\/labone.vn\/bacterlab\/?post_type=product&#038;p=1842"},"modified":"2025-04-25T09:12:10","modified_gmt":"2025-04-25T09:12:10","slug":"bacterplate-tryptic-soy-agar-tsa","status":"publish","type":"product","link":"https:\/\/labone.vn\/bacterlab\/product\/bacterplate-tryptic-soy-agar-tsa\/","title":{"rendered":"BacterPlate\u2122 Tryptic Soy Agar (TSA)"},"content":{"rendered":"<p><span style=\"color: #3366ff;\"><strong>M\u1ee4C \u0110\u00cdCH S\u1eec D\u1ee4NG<\/strong><\/span><\/p>\n<ul>\n<li><strong>BacterPlate\u2122 Tryptic Soy Agar (TSA) <\/strong>l\u00e0 m\u1ed9t m\u00f4i tr\u01b0\u1eddng dinh d\u01b0\u1ee1ng ph\u1ed5 qu\u00e1t, ph\u00f9 h\u1ee3p v\u1edbi nhi\u1ec1u \u1ee9ng d\u1ee5ng kh\u00e1c nhau. V\u1edbi gi\u00e1 tr\u1ecb dinh d\u01b0\u1ee1ng cao, m\u00f4i tr\u01b0\u1eddng n\u00e0y c\u00f3 th\u1ec3 \u0111\u01b0\u1ee3c s\u1eed d\u1ee5ng \u0111\u1ec3 nu\u00f4i c\u1ea5y v\u00e0 ph\u00e2n l\u1eadp c\u1ea3 vi khu\u1ea9n hi\u1ebfu kh\u00ed v\u00e0 k\u1ef5 kh\u00ed, \u0111\u1ed3ng th\u1eddi h\u1ed7 tr\u1ee3 s\u1ef1 ph\u00e1t tri\u1ec3n c\u1ee7a c\u00e1c vi sinh v\u1eadt kh\u00f3 t\u00ednh nh\u1ea5t. Khi \u0111\u01b0\u1ee3c \u0111\u1ed5 th\u00e0nh \u0111\u0129a ho\u1eb7c d\u1ea3i, TSA r\u1ea5t h\u1eefu \u00edch trong c\u00e1c th\u1eed nghi\u1ec7m nhanh \u0111\u1ec3 ki\u1ec3m tra s\u1ef1 nhi\u1ec5m b\u1ea9n tr\u00ean b\u1ec1 m\u1eb7t. Ngo\u00e0i ra, d\u01b0\u1edbi t\u00ean g\u1ecdi TSA (<em>Tryptic Soy Agar<\/em>), c\u00f4ng th\u1ee9c n\u00e0y t\u01b0\u01a1ng \u1ee9ng v\u1edbi m\u00f4i tr\u01b0\u1eddng tham chi\u1ebfu \u0111\u01b0\u1ee3c s\u1eed d\u1ee5ng \u0111\u1ec3 \u0111\u00e1nh gi\u00e1 ti\u00eau ch\u00ed n\u0103ng su\u1ea5t v\u00e0 t\u00ednh ch\u1ecdn l\u1ecdc trong ti\u00eau chu\u1ea9n ISO 11133.<\/li>\n<li>L\u1ea5y m\u1eabu kh\u00f4ng kh\u00ed c\u00e1c ch\u1ec9 ti\u00eau ki\u1ec3m so\u00e1t ph\u00f2ng s\u1ea1ch<\/li>\n<li>Bao g\u00f3i b\u1eb1ng m\u00e0ng b\u00e1n th\u1ea5m Cellophane film gi\u00fap c\u00e2n b\u1eb1ng \u0111\u1ed9 \u1ea9m m\u00f4i tr\u01b0\u1eddng trong qu\u00e1 tr\u00ecnh b\u1ea3o qu\u1ea3n.<\/li>\n<\/ul>\n<p><span style=\"color: #3366ff;\"><strong> NGUY\u00caN T\u1eaeC<\/strong><\/span><\/p>\n<ul>\n<li>S\u1ef1 k\u1ebft h\u1ee3p gi\u1eefa Tryptone v\u00e0 d\u1ecbch ti\u00eau h\u00f3a \u0111\u1eadu n\u00e0nh b\u1eb1ng enzyme Papaic t\u1ea1o \u0111i\u1ec1u ki\u1ec7n ph\u00e1t tri\u1ec3n t\u1ed1i \u01b0u nh\u1edd s\u1ef1 hi\u1ec7p l\u1ef1c gi\u1eefa ngu\u1ed3n cung c\u1ea5p protein t\u1eeb casein v\u00e0 carbohydrate t\u1eeb \u0111\u1eadu n\u00e0nh, h\u1ed7 tr\u1ee3 s\u1ef1 ph\u00e1t tri\u1ec3n c\u1ee7a h\u1ea7u h\u1ebft c\u00e1c vi sinh v\u1eadt kh\u00f3 t\u00ednh ho\u1eb7c kh\u00f4ng kh\u00f3 t\u00ednh.<\/li>\n<\/ul>\n","protected":false},"excerpt":{"rendered":"<ul>\n<li>M\u00f4i tr\u01b0\u1eddng s\u1eb5n s\u00e0ng s\u1eed d\u1ee5ng tr\u00ean \u0111\u0129a th\u1ea1ch 90mm d\u00e0nh cho nu\u00f4i c\u1ea5y kh\u00f4ng ch\u1ecdn l\u1ecdc c\u00e1c vi khu\u1ea9n d\u1ec5 nu\u00f4i c\u1ea5y<\/li>\n<li><strong>Code: 05026<\/strong><\/li>\n<li><strong>Quy c\u00e1ch:<\/strong> 10 \u0111\u0129a\/ h\u1ed9p ho\u1eb7c theo y\u00eau c\u1ea7u c\u1ee7a kh\u00e1ch h\u00e0ng.<\/li>\n<li><strong>B\u1ea3o qu\u1ea3n l\u01b0u tr\u1eef:<\/strong> 2 \u2013 8\u00b0C.<\/li>\n<li><strong>V\u1eadn chuy\u1ec3n:<\/strong> Nhi\u1ec7t \u0111\u1ed9 m\u00f4i tr\u01b0\u1eddng.<\/li>\n<li><strong>H\u1ea1n s\u1eed d\u1ee5ng:<\/strong> 03 th\u00e1ng k\u1ec3 t\u1eeb ng\u00e0y s\u1ea3n xu\u1ea5t.<\/li>\n<\/ul>\n","protected":false},"featured_media":3259,"template":"","meta":[],"product_cat":[326,179],"product_tag":[],"class_list":["post-1842","product","type-product","status-publish","has-post-thumbnail","hentry","product_cat-moi-truong-nuoi-cay-vi-sinh-vat","product_cat-dia-agar-90mm"],"_links":{"self":[{"href":"https:\/\/labone.vn\/bacterlab\/wp-json\/wp\/v2\/product\/1842","targetHints":{"allow":["GET"]}}],"collection":[{"href":"https:\/\/labone.vn\/bacterlab\/wp-json\/wp\/v2\/product"}],"about":[{"href":"https:\/\/labone.vn\/bacterlab\/wp-json\/wp\/v2\/types\/product"}],"wp:featuredmedia":[{"embeddable":true,"href":"https:\/\/labone.vn\/bacterlab\/wp-json\/wp\/v2\/media\/3259"}],"wp:attachment":[{"href":"https:\/\/labone.vn\/bacterlab\/wp-json\/wp\/v2\/media?parent=1842"}],"wp:term":[{"taxonomy":"product_cat","embeddable":true,"href":"https:\/\/labone.vn\/bacterlab\/wp-json\/wp\/v2\/product_cat?post=1842"},{"taxonomy":"product_tag","embeddable":true,"href":"https:\/\/labone.vn\/bacterlab\/wp-json\/wp\/v2\/product_tag?post=1842"}],"curies":[{"name":"wp","href":"https:\/\/api.w.org\/{rel}","templated":true}]}}