{"id":2134,"date":"2023-11-16T08:41:31","date_gmt":"2023-11-16T08:41:31","guid":{"rendered":"https:\/\/labone.vn\/bacterlab\/?post_type=product&#038;p=2134"},"modified":"2025-04-22T09:18:38","modified_gmt":"2025-04-22T09:18:38","slug":"bactercontact-pro-chocolate-lth","status":"publish","type":"product","link":"https:\/\/labone.vn\/bacterlab\/product\/bactercontact-pro-chocolate-lth\/","title":{"rendered":"BacterContact\u2122 Pro Chocolate + LTH"},"content":{"rendered":"<p><span style=\"color: #3366ff;\"><strong> M\u1ee4C \u0110\u00cdCH S\u1eec D\u1ee4NG<\/strong><\/span><\/p>\n<ul>\n<li><strong>BacterContact\u2122 Pro Chocolate + LTH<\/strong> l\u00e0 m\u00f4i tr\u01b0\u1eddng nu\u00f4i c\u1ea5y vi khu\u1ea9n kh\u00f3 m\u1ecdc d\u00f9ng l\u1ea5y m\u1eabu vi sinh b\u1ec1 m\u1eb7t b\u1ed5 sung ch\u1ea5t trung h\u00f2a nh\u1eb1m v\u00f4 hi\u1ec7u h\u00f3a ch\u1ea5t kh\u1eed tr\u00f9ng b\u1ec1 m\u1eb7t.<\/li>\n<li>Bao g\u00f3i b\u1eb1ng m\u00e0ng b\u00e1n th\u1ea5m Cellophane film gi\u00fap c\u00e2n b\u1eb1ng \u0111\u1ed9 \u1ea9m m\u00f4i tr\u01b0\u1eddng trong qu\u00e1 tr\u00ecnh b\u1ea3o qu\u1ea3n.<\/li>\n<\/ul>\n<p><span style=\"color: #3366ff;\"><strong> NGUY\u00caN T\u1eaeC<\/strong><\/span><\/p>\n<ul>\n<li>BacterContact\u2122 Pro Chocolate + LTH l\u00e0 m\u00f4i tr\u01b0\u1eddng nu\u00f4i c\u1ea5y ph\u00f9 h\u1ee3p cho c\u00e1c lo\u1ea1i vi khu\u1ea9n kh\u00f3 m\u1ecdc nh\u01b0 <em>Neisseria gonorrhoeae<\/em>, <em>Neisseria meningitidis<\/em> v\u00e0 <em>Haemophilus <\/em>spp. \u00c1p d\u1ee5ng ph\u00e2n l\u1eadp t\u00e1c nh\u00e2n nhi\u1ec5m tr\u00f9ng t\u1eeb d\u1ecbch n\u00e3o t\u1ee7y ho\u1eb7c c\u00e1c b\u1ec7nh ph\u1ea9m v\u00f4 tr\u00f9ng kh\u00e1c. H\u1ed3ng c\u1ea7u b\u1ecb ly gi\u1ea3i s\u1ebd l\u00e0m m\u00f4i tr\u01b0\u1eddng c\u00f3 m\u00e0u n\u00e2u v\u00e0 gi\u1ea3i ph\u00f3ng y\u1ebfu t\u1ed1 X (Hemin) v\u00e0 V( Nicotinamide adenine dinucleotide, NAD) y\u1ebfu t\u1ed1 c\u1ea7n thi\u1ebft cho s\u1ef1 ph\u00e1t tri\u1ec3n c\u1ee7a <em>Neisseria gonorrhoeae, Neisseria meningitidis<\/em> <em>v\u00e0 Haemophilus<\/em> spp. Lecithin (L), Tween 80 (T), v\u00e0 Histidine (H) \u0111\u00f3ng vai tr\u00f2 l\u00e0 ch\u1ea5t trung h\u00f2a cho c\u00e1c h\u00f3a ch\u1ea5t kh\u1eed tr\u00f9ng.<\/li>\n<\/ul>\n","protected":false},"excerpt":{"rendered":"<ul>\n<li>M\u00f4i tr\u01b0\u1eddng nu\u00f4i c\u1ea5y n\u1ea5m, vi khu\u1ea9n kh\u00f3 m\u1ecdc d\u00f9ng l\u1ea5y m\u1eabu vi sinh b\u1ec1 m\u1eb7t b\u1ed5 sung ch\u1ea5t trung h\u00f2a nh\u1eb1m v\u00f4 hi\u1ec7u h\u00f3a ch\u1ea5t kh\u1eed tr\u00f9ng b\u1ec1 m\u1eb7t<\/li>\n<li><strong>Code: 12022<\/strong><\/li>\n<li><strong>Quy c\u00e1ch:<\/strong> Bao b\u00ec 3 l\u1edbp \u0111\u00e3 chi\u1ebfu x\u1ea1 10 \u0111\u0129a\/ h\u1ed9p ho\u1eb7c theo y\u00eau c\u1ea7u c\u1ee7a kh\u00e1ch h\u00e0ng.<\/li>\n<li><strong>B\u1ea3o qu\u1ea3n l\u01b0u tr\u1eef:<\/strong> 2 \u2013 8\u00b0C.<\/li>\n<li><strong>V\u1eadn chuy\u1ec3n:<\/strong> Nhi\u1ec7t \u0111\u1ed9 m\u00f4i tr\u01b0\u1eddng.<\/li>\n<li><strong>H\u1ea1n s\u1eed d\u1ee5ng:<\/strong> 09 th\u00e1ng k\u1ec3 t\u1eeb ng\u00e0y s\u1ea3n xu\u1ea5t.<\/li>\n<\/ul>\n","protected":false},"featured_media":3471,"template":"","meta":[],"product_cat":[373,177],"product_tag":[],"class_list":["post-2134","product","type-product","status-publish","has-post-thumbnail","hentry","product_cat-bactercontact-pro-vi","product_cat-moi-truong-lay-mau-be-mat"],"_links":{"self":[{"href":"https:\/\/labone.vn\/bacterlab\/wp-json\/wp\/v2\/product\/2134","targetHints":{"allow":["GET"]}}],"collection":[{"href":"https:\/\/labone.vn\/bacterlab\/wp-json\/wp\/v2\/product"}],"about":[{"href":"https:\/\/labone.vn\/bacterlab\/wp-json\/wp\/v2\/types\/product"}],"wp:featuredmedia":[{"embeddable":true,"href":"https:\/\/labone.vn\/bacterlab\/wp-json\/wp\/v2\/media\/3471"}],"wp:attachment":[{"href":"https:\/\/labone.vn\/bacterlab\/wp-json\/wp\/v2\/media?parent=2134"}],"wp:term":[{"taxonomy":"product_cat","embeddable":true,"href":"https:\/\/labone.vn\/bacterlab\/wp-json\/wp\/v2\/product_cat?post=2134"},{"taxonomy":"product_tag","embeddable":true,"href":"https:\/\/labone.vn\/bacterlab\/wp-json\/wp\/v2\/product_tag?post=2134"}],"curies":[{"name":"wp","href":"https:\/\/api.w.org\/{rel}","templated":true}]}}