{"id":2267,"date":"2024-01-25T04:14:58","date_gmt":"2024-01-25T04:14:58","guid":{"rendered":"https:\/\/labone.vn\/bacterlab\/?post_type=product&#038;p=2267"},"modified":"2025-04-05T09:04:10","modified_gmt":"2025-04-05T09:04:10","slug":"bacterplate-r2a-agar","status":"publish","type":"product","link":"https:\/\/labone.vn\/bacterlab\/product\/bacterplate-r2a-agar\/","title":{"rendered":"BacterPlate\u2122 R2A Agar"},"content":{"rendered":"<p><span style=\"color: #3366ff;\"><strong> M\u1ee4C \u0110\u00cdCH S\u1eec D\u1ee4NG<\/strong><\/span><\/p>\n<ul>\n<li><strong>BacterPlate\u2122 R2A Agar <\/strong>l\u00e0 m\u00f4i tr\u01b0\u1eddng \u0111\u01b0\u1ee3c thi\u1ebft k\u1ebf \u0111\u1ec3 \u0111\u1ecbnh l\u01b0\u1ee3ng t\u1ed5ng s\u1ed1 vi sinh v\u1eadt hi\u1ebfu kh\u00ed s\u1ed1ng trong n\u01b0\u1edbc \u0111\u00e3 x\u1eed l\u00fd nh\u01b0 n\u01b0\u1edbc tinh khi\u1ebft, n\u01b0\u1edbc si\u00eau tinh khi\u1ebft v\u00e0 n\u01b0\u1edbc d\u00f9ng \u0111\u1ec3 pha ch\u1ebf thu\u1ed1c ti\u00eam.<\/li>\n<li>Bao g\u00f3i b\u1eb1ng m\u00e0ng b\u00e1n th\u1ea5m Cellophane film gi\u00fap c\u00e2n b\u1eb1ng \u0111\u1ed9 \u1ea9m m\u00f4i tr\u01b0\u1eddng trong qu\u00e1 tr\u00ecnh b\u1ea3o qu\u1ea3n.<\/li>\n<\/ul>\n<p><strong style=\"color: #3366ff;\">NGUY\u00caN T\u1eaeC<\/strong><\/p>\n<ul>\n<li>C\u00e1c th\u00e0nh ph\u1ea7n dinh d\u01b0\u1ee1ng c\u00f3 m\u1eb7t \u1edf l\u01b0\u1ee3ng nh\u1ecf gi\u00fap vi sinh v\u1eadt b\u1ecb stress c\u00f3 th\u1ec3 ph\u00e1t tri\u1ec3n.<\/li>\n<li>S\u1ef1 k\u1ebft h\u1ee3p c\u1ee7a c\u00e1c mu\u1ed1i kho\u00e1ng duy tr\u00ec c\u00e2n b\u1eb1ng th\u1ea9m th\u1ea5u.<\/li>\n<li>S\u1ef1 hi\u1ec7n di\u1ec7n c\u1ee7a sodium pyruvate k\u00edch ho\u1ea1t qu\u00e1 tr\u00ecnh trao \u0111\u1ed5i ch\u1ea5t c\u1ee7a vi khu\u1ea9n.<\/li>\n<\/ul>\n","protected":false},"excerpt":{"rendered":"<ul>\n<li>M\u00f4i tr\u01b0\u1eddng s\u1eb5n s\u00e0ng s\u1eed d\u1ee5ng tr\u00ean \u0111\u0129a petri 90mm \u0111\u1ec3 \u0111\u1ecbnh l\u01b0\u1ee3ng vi sinh v\u1eadt trong n\u01b0\u1edbc<\/li>\n<li><strong>Code: 05057<\/strong><\/li>\n<li><strong>Quy c\u00e1ch:<\/strong> 10 \u0111\u0129a\/ h\u1ed9p ho\u1eb7c theo y\u00eau c\u1ea7u c\u1ee7a kh\u00e1ch h\u00e0ng.<\/li>\n<li><strong>B\u1ea3o qu\u1ea3n l\u01b0u tr\u1eef:<\/strong> 2 \u2013 8\u00b0C.<\/li>\n<li><strong>V\u1eadn chuy\u1ec3n:<\/strong> Nhi\u1ec7t \u0111\u1ed9 m\u00f4i tr\u01b0\u1eddng.<\/li>\n<li><strong>H\u1ea1n s\u1eed d\u1ee5ng:<\/strong> 03 th\u00e1ng k\u1ec3 t\u1eeb ng\u00e0y s\u1ea3n xu\u1ea5t.<\/li>\n<\/ul>\n","protected":false},"featured_media":3329,"template":"","meta":[],"product_cat":[326],"product_tag":[],"class_list":["post-2267","product","type-product","status-publish","has-post-thumbnail","hentry","product_cat-moi-truong-nuoi-cay-vi-sinh-vat"],"_links":{"self":[{"href":"https:\/\/labone.vn\/bacterlab\/wp-json\/wp\/v2\/product\/2267","targetHints":{"allow":["GET"]}}],"collection":[{"href":"https:\/\/labone.vn\/bacterlab\/wp-json\/wp\/v2\/product"}],"about":[{"href":"https:\/\/labone.vn\/bacterlab\/wp-json\/wp\/v2\/types\/product"}],"wp:featuredmedia":[{"embeddable":true,"href":"https:\/\/labone.vn\/bacterlab\/wp-json\/wp\/v2\/media\/3329"}],"wp:attachment":[{"href":"https:\/\/labone.vn\/bacterlab\/wp-json\/wp\/v2\/media?parent=2267"}],"wp:term":[{"taxonomy":"product_cat","embeddable":true,"href":"https:\/\/labone.vn\/bacterlab\/wp-json\/wp\/v2\/product_cat?post=2267"},{"taxonomy":"product_tag","embeddable":true,"href":"https:\/\/labone.vn\/bacterlab\/wp-json\/wp\/v2\/product_tag?post=2267"}],"curies":[{"name":"wp","href":"https:\/\/api.w.org\/{rel}","templated":true}]}}