{"id":2423,"date":"2024-03-14T01:33:10","date_gmt":"2024-03-14T01:33:10","guid":{"rendered":"https:\/\/labone.vn\/bacterlab\/?post_type=product&#038;p=2423"},"modified":"2025-03-31T08:31:01","modified_gmt":"2025-03-31T08:31:01","slug":"bacterstain-alcohol","status":"publish","type":"product","link":"https:\/\/labone.vn\/bacterlab\/product\/bacterstain-alcohol\/","title":{"rendered":"BacterStain\u2122 Alcohol"},"content":{"rendered":"<p><span style=\"color: #3366ff;\"><strong>M\u1ee4C \u0110\u00cdCH S\u1eec D\u1ee4NG<\/strong><\/span><\/p>\n<ul>\n<li><strong>BacterStrain\u2122 <\/strong><strong>Alcohol <\/strong>\u0111\u01b0\u1ee3c s\u1eed d\u1ee5ng trong c\u00e1c ph\u01b0\u01a1ng ph\u00e1p nhu\u1ed9m nh\u01b0 ph\u01b0\u01a1ng ph\u00e1p nhu\u1ed9m Gram v\u00e0 ph\u01b0\u01a1ng ph\u00e1p nhu\u1ed9m t\u1ebf b\u00e0o \u0111\u1ec3 t\u1ea9y m\u00e0u vi khu\u1ea9n v\u00e0 t\u1ebf b\u00e0o trong qu\u00e1 tr\u00ecnh nhu\u1ed9m. Trong nhu\u1ed9m Gram, alcohol gi\u00fap lo\u1ea1i b\u1ecf thu\u1ed1c nhu\u1ed9m d\u01b0 th\u1eeba t\u1eeb vi khu\u1ea9n Gram \u00e2m trong khi gi\u1eef l\u1ea1i m\u00e0u c\u1ee7a vi khu\u1ea9n Gram d\u01b0\u01a1ng. Alcohol c\u0169ng \u0111\u01b0\u1ee3c s\u1eed d\u1ee5ng \u0111\u1ec3 c\u1ed1 \u0111\u1ecbnh m\u1eabu t\u1ebf b\u00e0o, l\u00e0m s\u1ea1ch m\u1eabu v\u00e0 l\u00e0m kh\u00f4 c\u00e1c m\u1eabu sau khi nhu\u1ed9m.<\/li>\n<\/ul>\n<p><span style=\"color: #3366ff;\"><strong> NGUY\u00caN T\u1eaeC<\/strong><\/span><\/p>\n<ul>\n<li><strong>BacterStrain\u2122 Alcohol <\/strong>ho\u1ea1t \u0111\u1ed9ng nh\u01b0 m\u1ed9t dung m\u00f4i decolorizer (t\u1ea9y m\u00e0u) trong nhu\u1ed9m Gram. Khi alcohol \u0111\u01b0\u1ee3c s\u1eed d\u1ee5ng, n\u00f3 th\u1ea9m th\u1ea5u v\u00e0o th\u00e0nh t\u1ebf b\u00e0o vi khu\u1ea9n v\u00e0 g\u00e2y co l\u1ea1i ho\u1eb7c gi\u00e3n n\u1edf, t\u00f9y thu\u1ed9c v\u00e0o lo\u1ea1i t\u1ebf b\u00e0o. Vi khu\u1ea9n Gram d\u01b0\u01a1ng, v\u1edbi l\u1edbp peptidoglycan d\u00e0y h\u01a1n, s\u1ebd gi\u1eef l\u1ea1i thu\u1ed1c nhu\u1ed9m (Crystal Violet), trong khi vi khu\u1ea9n Gram \u00e2m m\u1ea5t m\u00e0u do th\u00e0nh t\u1ebf b\u00e0o m\u1ecfng h\u01a1n v\u00e0 d\u1ec5 d\u00e0ng b\u1ecb t\u1ea9y m\u00e0u b\u1edfi alcohol. Ngo\u00e0i ra, alcohol gi\u00fap kh\u1eed n\u01b0\u1edbc v\u00e0 l\u00e0m kh\u00f4 m\u1eabu t\u1ebf b\u00e0o, gi\u00fap m\u1eabu d\u1ec5 d\u00e0ng quan s\u00e1t d\u01b0\u1edbi k\u00ednh hi\u1ec3n vi.<\/li>\n<\/ul>\n","protected":false},"excerpt":{"rendered":"<ul>\n<li>Dung m\u00f4i \u0111\u01b0\u1ee3c s\u1eed d\u1ee5ng trong c\u00e1c ph\u01b0\u01a1ng ph\u00e1p nhu\u1ed9m, nh\u01b0 nhu\u1ed9m Gram, \u0111\u1ec3 t\u1ea9y m\u00e0u vi khu\u1ea9n, c\u1ed1 \u0111\u1ecbnh v\u00e0 l\u00e0m kh\u00f4 m\u1eabu t\u1ebf b\u00e0o.<\/li>\n<li><strong>Code: 04011<\/strong><\/li>\n<li><strong>Quy c\u00e1ch:<\/strong> 100mL\/chai ho\u1eb7c theo y\u00eau c\u1ea7u c\u1ee7a kh\u00e1ch h\u00e0ng.<\/li>\n<li><strong>B\u1ea3o qu\u1ea3n l\u01b0u tr\u1eef:<\/strong> 18 \u2013 25\u00b0C.<\/li>\n<li><strong>V\u1eadn chuy\u1ec3n:<\/strong> Nhi\u1ec7t \u0111\u1ed9 m\u00f4i tr\u01b0\u1eddng.<\/li>\n<li><strong>H\u1ea1n s\u1eed d\u1ee5ng:<\/strong> 24 th\u00e1ng k\u1ec3 t\u1eeb ng\u00e0y s\u1ea3n xu\u1ea5t.<\/li>\n<\/ul>\n","protected":false},"featured_media":3135,"template":"","meta":[],"product_cat":[157],"product_tag":[],"class_list":["post-2423","product","type-product","status-publish","has-post-thumbnail","hentry","product_cat-thuoc-nhuom-vi-sinh-vat"],"_links":{"self":[{"href":"https:\/\/labone.vn\/bacterlab\/wp-json\/wp\/v2\/product\/2423","targetHints":{"allow":["GET"]}}],"collection":[{"href":"https:\/\/labone.vn\/bacterlab\/wp-json\/wp\/v2\/product"}],"about":[{"href":"https:\/\/labone.vn\/bacterlab\/wp-json\/wp\/v2\/types\/product"}],"wp:featuredmedia":[{"embeddable":true,"href":"https:\/\/labone.vn\/bacterlab\/wp-json\/wp\/v2\/media\/3135"}],"wp:attachment":[{"href":"https:\/\/labone.vn\/bacterlab\/wp-json\/wp\/v2\/media?parent=2423"}],"wp:term":[{"taxonomy":"product_cat","embeddable":true,"href":"https:\/\/labone.vn\/bacterlab\/wp-json\/wp\/v2\/product_cat?post=2423"},{"taxonomy":"product_tag","embeddable":true,"href":"https:\/\/labone.vn\/bacterlab\/wp-json\/wp\/v2\/product_tag?post=2423"}],"curies":[{"name":"wp","href":"https:\/\/api.w.org\/{rel}","templated":true}]}}