{"id":2438,"date":"2024-05-14T02:51:02","date_gmt":"2024-05-14T02:51:02","guid":{"rendered":"https:\/\/labone.vn\/bacterlab\/?post_type=product&#038;p=2438"},"modified":"2024-05-14T02:54:32","modified_gmt":"2024-05-14T02:54:32","slug":"lo-lay-mau-nap-vang-40ml","status":"publish","type":"product","link":"https:\/\/labone.vn\/bacterlab\/product\/lo-lay-mau-nap-vang-40ml\/","title":{"rendered":"L\u1ecd l\u1ea5y m\u1eabu n\u1eafp v\u00e0ng, 40mL"},"content":{"rendered":"<p>&#8211; Nh\u1ef1a PS tr\u1eafng trong (nh\u1ef1a trung t\u00ednh, tinh khi\u1ebft 100%), n\u1eafp m\u00e0u v\u00e0ng, c\u00f3 nh\u00e3n. Dung t\u00edch 40mL<br \/>\n&#8211; S\u1eed d\u1ee5ng nh\u1ef1a trung t\u00ednh kh\u00f4ng ph\u1ea3n \u1ee9ng v\u1edbi c\u00e1c lo\u1ea1i h\u00f3a ch\u1ea5t b\u00ean trong.<br \/>\n&#8211; T\u1ef1 \u0111\u1ee9ng v\u1eefng: l\u1ecd \u0111\u01b0\u1ee3c \u0111\u1eb7t v\u1eefng ch\u1eafc tr\u00ean b\u00e0n l\u00e0m vi\u1ec7c c\u1ee7a ph\u00f2ng th\u00ed nghi\u1ec7m ngay c\u1ea3 khi kh\u00f4ng c\u00f3 ch\u00e2n \u0111\u1ebf.<br \/>\n&#8211; Thi\u1ebft k\u1ebf d\u00e0y d\u1eb7n v\u00e0 ch\u1ed1ng r\u00f2 r\u1ec9 \u0111\u00e1p \u1ee9ng c\u00e1c y\u00eau c\u1ea7u nghi\u00eam ng\u1eb7t nh\u1ea5t v\u1ec1 an to\u00e0n sinh h\u1ecdc.<br \/>\n&#8211; \u0110\u00f3ng g\u00f3i: h\u1ed9p k\u00edn \u0111\u01b0\u1ee3c ni\u00eam phong tr\u00e1nh \u00e1nh s\u00e1ng v\u00e0 ti\u1ebfp x\u00fac h\u00f3a ch\u1ea5t.<\/p>\n","protected":false},"excerpt":{"rendered":"<ul>\n<li>Code: 4010001<\/li>\n<li>Dung t\u00edch 40 mL<\/li>\n<li>\u0110\u00f3ng g\u00f3i: h\u1ed9p k\u00edn \u0111\u01b0\u1ee3c ni\u00eam phong tr\u00e1nh \u00e1nh s\u00e1ng v\u00e0 ti\u1ebfp x\u00fac h\u00f3a ch\u1ea5t<\/li>\n<\/ul>\n","protected":false},"featured_media":2440,"template":"","meta":[],"product_cat":[381],"product_tag":[],"class_list":["post-2438","product","type-product","status-publish","has-post-thumbnail","hentry","product_cat-lo-dung-mau"],"_links":{"self":[{"href":"https:\/\/labone.vn\/bacterlab\/wp-json\/wp\/v2\/product\/2438","targetHints":{"allow":["GET"]}}],"collection":[{"href":"https:\/\/labone.vn\/bacterlab\/wp-json\/wp\/v2\/product"}],"about":[{"href":"https:\/\/labone.vn\/bacterlab\/wp-json\/wp\/v2\/types\/product"}],"wp:featuredmedia":[{"embeddable":true,"href":"https:\/\/labone.vn\/bacterlab\/wp-json\/wp\/v2\/media\/2440"}],"wp:attachment":[{"href":"https:\/\/labone.vn\/bacterlab\/wp-json\/wp\/v2\/media?parent=2438"}],"wp:term":[{"taxonomy":"product_cat","embeddable":true,"href":"https:\/\/labone.vn\/bacterlab\/wp-json\/wp\/v2\/product_cat?post=2438"},{"taxonomy":"product_tag","embeddable":true,"href":"https:\/\/labone.vn\/bacterlab\/wp-json\/wp\/v2\/product_tag?post=2438"}],"curies":[{"name":"wp","href":"https:\/\/api.w.org\/{rel}","templated":true}]}}