{"id":2504,"date":"2024-09-17T07:11:17","date_gmt":"2024-09-17T07:11:17","guid":{"rendered":"https:\/\/labone.vn\/bacterlab\/?post_type=product&#038;p=2504"},"modified":"2025-04-05T09:21:15","modified_gmt":"2025-04-05T09:21:15","slug":"bacterplate-pylori-agar","status":"publish","type":"product","link":"https:\/\/labone.vn\/bacterlab\/product\/bacterplate-pylori-agar\/","title":{"rendered":"BacterPlate\u2122 Pylori Agar"},"content":{"rendered":"<p><span style=\"color: #3366ff;\"><strong> M\u1ee4C \u0110\u00cdCH S\u1eec D\u1ee4NG<\/strong><\/span><\/p>\n<ul>\n<li><strong>BacterPlate\u2122 Pylori Agar <\/strong>l\u00e0 m\u00f4i tr\u01b0\u1eddng nu\u00f4i c\u1ea5y \u0111\u01b0\u1ee3c thi\u1ebft k\u1ebf \u0111\u1ec3 s\u00e0ng l\u1ecdc <em>Helicobacter pylori<\/em> trong c\u00e1c m\u1eabu sinh thi\u1ebft d\u1ea1 d\u00e0y.<\/li>\n<li>Bao g\u00f3i b\u1eb1ng m\u00e0ng b\u00e1n th\u1ea5m Cellophane film gi\u00fap c\u00e2n b\u1eb1ng \u0111\u1ed9 \u1ea9m m\u00f4i tr\u01b0\u1eddng trong qu\u00e1 tr\u00ecnh b\u1ea3o qu\u1ea3n.<\/li>\n<\/ul>\n<p><span style=\"color: #3366ff;\"><strong> NGUY\u00caN T\u1eaeC<\/strong><\/span><\/p>\n<ul>\n<li>C\u00e1c th\u00e0nh ph\u1ea7n dinh d\u01b0\u1ee1ng, h\u1ed7 tr\u1ee3 s\u1ef1 ph\u00e1t tri\u1ec3n c\u1ee7a c\u00e1c vi sinh v\u1eadt b\u1ecb c\u0103ng th\u1eb3ng.<\/li>\n<li>S\u1ef1 k\u1ebft h\u1ee3p c\u1ee7a c\u00e1c mu\u1ed1i kho\u00e1ng duy tr\u00ec c\u00e2n b\u1eb1ng th\u1ea9m th\u1ea5u.<\/li>\n<li>Sodium pyruvate c\u00f3 m\u1eb7t trong m\u00f4i tr\u01b0\u1eddng gi\u00fap k\u00edch ho\u1ea1t qu\u00e1 tr\u00ecnh trao \u0111\u1ed5i ch\u1ea5t c\u1ee7a vi khu\u1ea9n<\/li>\n<\/ul>\n","protected":false},"excerpt":{"rendered":"<ul>\n<li>M\u00f4i tr\u01b0\u1eddng s\u1eb5n s\u00e0ng s\u1eed d\u1ee5ng tr\u00ean \u0111\u0129a petri 90mm \u0111\u1ec3 nu\u00f4i c\u1ea5y v\u00e0 s\u00e0ng l\u1ecdc <em>Helicobacter pylori<\/em> trong m\u1eabu sinh thi\u1ebft d\u1ea1 d\u00e0y<\/li>\n<li><strong>Code: 05058<\/strong><\/li>\n<li><strong>Quy c\u00e1ch:<\/strong> 10 \u0111\u0129a\/ h\u1ed9p ho\u1eb7c theo y\u00eau c\u1ea7u c\u1ee7a kh\u00e1ch h\u00e0ng.<\/li>\n<li><strong>B\u1ea3o qu\u1ea3n l\u01b0u tr\u1eef:<\/strong> 2 \u2013 8\u00b0C.<\/li>\n<li><strong>V\u1eadn chuy\u1ec3n:<\/strong> Nhi\u1ec7t \u0111\u1ed9 m\u00f4i tr\u01b0\u1eddng.<\/li>\n<li><strong>H\u1ea1n s\u1eed d\u1ee5ng:<\/strong> 03 th\u00e1ng k\u1ec3 t\u1eeb ng\u00e0y s\u1ea3n xu\u1ea5t.<\/li>\n<\/ul>\n","protected":false},"featured_media":3331,"template":"","meta":[],"product_cat":[326],"product_tag":[],"class_list":["post-2504","product","type-product","status-publish","has-post-thumbnail","hentry","product_cat-moi-truong-nuoi-cay-vi-sinh-vat"],"_links":{"self":[{"href":"https:\/\/labone.vn\/bacterlab\/wp-json\/wp\/v2\/product\/2504","targetHints":{"allow":["GET"]}}],"collection":[{"href":"https:\/\/labone.vn\/bacterlab\/wp-json\/wp\/v2\/product"}],"about":[{"href":"https:\/\/labone.vn\/bacterlab\/wp-json\/wp\/v2\/types\/product"}],"wp:featuredmedia":[{"embeddable":true,"href":"https:\/\/labone.vn\/bacterlab\/wp-json\/wp\/v2\/media\/3331"}],"wp:attachment":[{"href":"https:\/\/labone.vn\/bacterlab\/wp-json\/wp\/v2\/media?parent=2504"}],"wp:term":[{"taxonomy":"product_cat","embeddable":true,"href":"https:\/\/labone.vn\/bacterlab\/wp-json\/wp\/v2\/product_cat?post=2504"},{"taxonomy":"product_tag","embeddable":true,"href":"https:\/\/labone.vn\/bacterlab\/wp-json\/wp\/v2\/product_tag?post=2504"}],"curies":[{"name":"wp","href":"https:\/\/api.w.org\/{rel}","templated":true}]}}