{"id":1446,"date":"2023-08-28T07:32:12","date_gmt":"2023-08-28T07:32:12","guid":{"rendered":"https:\/\/labone.vn\/huylab\/?page_id=1446"},"modified":"2025-04-28T07:11:42","modified_gmt":"2025-04-28T07:11:42","slug":"tu-an-toan-sinh-hoc-cap-1-huyair-bio1","status":"publish","type":"page","link":"https:\/\/labone.vn\/huylab\/tu-an-toan-sinh-hoc\/tu-an-toan-sinh-hoc-cap-1-huyair-bio1\/","title":{"rendered":"T\u1ee7 An To\u00e0n Sinh H\u1ecdc C\u1ea5p 1 HUYAir Bio1"},"content":{"rendered":"\n  <div class=\"banner has-hover\" id=\"banner-173248545\">\n          <div class=\"banner-inner fill\">\n        <div class=\"banner-bg fill\" >\n            <div class=\"bg fill bg-fill \"><\/div>\n                        <div class=\"overlay\"><\/div>            \n                    <\/div>\n        <div class=\"banner-layers container\">\n            <div class=\"fill banner-link\"><\/div>            \n   <div id=\"text-box-1861860198\" class=\"text-box banner-layer x5 md-x5 lg-x5 y50 md-y50 lg-y50 res-text\">\n                                <div class=\"text-box-content text \">\n              \n              <div class=\"text-inner text-left\">\n                  \n\t<div id=\"text-3491622337\" class=\"text\">\n\t\t\n<h4 class=\"uppercase\"><strong>t\u1ee7 an to\u00e0n sinh h\u1ecdc c\u1ea5p 1<\/strong><\/h4>\n<hr \/>\n<p>HUYAir Bio1 | T\u1ee7 An To\u00e0n Sinh H\u1ecdc C\u1ea5p 1 l\u00e0 s\u1ea3n ph\u1ea9m \u0111\u01b0\u1ee3c thi\u1ebft k\u1ebf \u0111\u1ec3 b\u1ea3o v\u1ec7 an to\u00e0n cho ng\u01b0\u1eddi thao t\u00e1c v\u00e0 m\u00f4i tr\u01b0\u1eddng trong qu\u00e1 tr\u00ecnh thao t\u00e1c tr\u1ef1c ti\u1ebfp v\u1edbi v\u1eadt m\u1eabu b\u1ecb \u00f4 nhi\u1ec5m c\u00f3 kh\u1ea3 n\u0103ng l\u00e2y b\u1ec7nh cao.<\/p>\n\t\t\n<style>\n#text-3491622337 {\n  font-size: 0.75rem;\n}\n@media (min-width:550px) {\n  #text-3491622337 {\n    font-size: 1rem;\n  }\n}\n<\/style>\n\t<\/div>\n\t\n<div class=\"is-divider divider clearfix\" ><\/div>\n              <\/div>\n           <\/div>\n                            \n<style>\n#text-box-1861860198 {\n  width: 50%;\n}\n#text-box-1861860198 .text-box-content {\n  font-size: 100%;\n}\n@media (min-width:550px) {\n  #text-box-1861860198 {\n    width: 40%;\n  }\n}\n<\/style>\n    <\/div>\n \n        <\/div>\n      <\/div>\n\n            \n<style>\n#banner-173248545 {\n  padding-top: 50%;\n  background-color: rgb(255, 255, 255);\n}\n#banner-173248545 .bg.bg-loaded {\n  background-image: url(https:\/\/labone.vn\/huylab\/wp-content\/uploads\/2024\/10\/HUYAir-Bio1-AVT-website-2.jpg);\n}\n#banner-173248545 .overlay {\n  background-color: rgba(190, 190, 190, 0.07);\n}\n#banner-173248545 .bg {\n  background-position: 89% 0%;\n}\n@media (min-width:550px) {\n  #banner-173248545 {\n    padding-top: 25%;\n  }\n}\n<\/style>\n  <\/div>\n\n\n<div class=\"row row-large row-divided\"  id=\"row-374312380\">\n\n\t<div id=\"col-787928329\" class=\"col medium-4 small-12 large-4\"  >\n\t\t\t\t<div class=\"col-inner\"  >\n\t\t\t\n\t\t\t\n<div class=\"container section-title-container\" ><h4 class=\"section-title section-title-center\"><b><\/b><span class=\"section-title-main\" >K\u00edch th\u01b0\u1edbc 900<\/span><b><\/b><\/h4><\/div>\n\t<div class=\"img has-hover x md-x lg-x y md-y lg-y\" id=\"image_1814366975\">\n\t\t\t\t\t\t\t\t<div class=\"img-inner dark\" >\n\t\t\t<img loading=\"lazy\" decoding=\"async\" width=\"900\" height=\"900\" src=\"https:\/\/labone.vn\/huylab\/wp-content\/uploads\/2024\/10\/huyair-bio1-900-touch-avt.jpg\" class=\"attachment-original size-original\" alt=\"\" srcset=\"https:\/\/labone.vn\/huylab\/wp-content\/uploads\/2024\/10\/huyair-bio1-900-touch-avt.jpg 900w, https:\/\/labone.vn\/huylab\/wp-content\/uploads\/2024\/10\/huyair-bio1-900-touch-avt-500x500.jpg 500w, https:\/\/labone.vn\/huylab\/wp-content\/uploads\/2024\/10\/huyair-bio1-900-touch-avt-768x768.jpg 768w, https:\/\/labone.vn\/huylab\/wp-content\/uploads\/2024\/10\/huyair-bio1-900-touch-avt-800x800.jpg 800w, https:\/\/labone.vn\/huylab\/wp-content\/uploads\/2024\/10\/huyair-bio1-900-touch-avt-100x100.jpg 100w\" sizes=\"auto, (max-width: 900px) 100vw, 900px\" \/>\t\t\t\t\t\t\n\t\t\t\t\t<\/div>\n\t\t\t\t\t\t\t\t\n<style>\n#image_1814366975 {\n  width: 100%;\n}\n<\/style>\n\t<\/div>\n\t\n<h3><span style=\"color: #3366ff;\">Model HUYAir Bio1-900<\/span> | T\u1ee7 An To\u00e0n Sinh H\u1ecdc C\u1ea5p 1<\/h3>\n<p><span style=\"color: #000000;\"><span style=\"color: #3366ff;\">\u2714<\/span> K\u00edch th\u01b0\u1edbc ngo\u00e0i (RxSxC): R1020 x S750 x C1200 mm<\/span><\/p>\n<p><span style=\"color: #000000;\"><span style=\"color: #3366ff;\">\u2714<\/span> K\u00edch th\u01b0\u1edbc trong (RxSxC): R940 x S620 x C600 mm<\/span><\/p>\n<p><span style=\"color: #000000;\"><span style=\"color: #3366ff;\">\u2714<\/span> \u00a0M\u00e0n h\u00ecnh c\u1ea3m \u1ee9ng<\/span><\/p>\n<p><span style=\"color: #000000;\"><span style=\"color: #3366ff;\">\u2714<\/span> \u0110\u1ed9ng c\u01a1 AC<\/span><\/p>\n<a href=\"https:\/\/labone.vn\/huylab\/san-pham\/model-huyair-bio1-900-tu-an-toan-sinh-hoc-cap-1\/\" target=\"_self\" class=\"button primary is-outline lowercase expand\"  style=\"border-radius:99px;\">\n    <span>HUYAir Bio1-900 \u2794<\/span>\n  <\/a>\n\n\t\t<\/div>\n\t\t\t\t\n<style>\n#col-787928329 > .col-inner {\n  border-radius: 5px;\n}\n<\/style>\n\t<\/div>\n\n\t\n\n\t<div id=\"col-1789745472\" class=\"col medium-4 small-12 large-4\"  >\n\t\t\t\t<div class=\"col-inner\"  >\n\t\t\t\n\t\t\t\n<div class=\"container section-title-container\" ><h4 class=\"section-title section-title-center\"><b><\/b><span class=\"section-title-main\" >K\u00edch th\u01b0\u1edbc 1200<\/span><b><\/b><\/h4><\/div>\n\t<div class=\"img has-hover x md-x lg-x y md-y lg-y\" id=\"image_636146697\">\n\t\t\t\t\t\t\t\t<div class=\"img-inner dark\" >\n\t\t\t<img loading=\"lazy\" decoding=\"async\" width=\"900\" height=\"900\" src=\"https:\/\/labone.vn\/huylab\/wp-content\/uploads\/2024\/10\/huyair-bio1-1200-touch-avt.jpg\" class=\"attachment-original size-original\" alt=\"\" srcset=\"https:\/\/labone.vn\/huylab\/wp-content\/uploads\/2024\/10\/huyair-bio1-1200-touch-avt.jpg 900w, https:\/\/labone.vn\/huylab\/wp-content\/uploads\/2024\/10\/huyair-bio1-1200-touch-avt-500x500.jpg 500w, https:\/\/labone.vn\/huylab\/wp-content\/uploads\/2024\/10\/huyair-bio1-1200-touch-avt-768x768.jpg 768w, https:\/\/labone.vn\/huylab\/wp-content\/uploads\/2024\/10\/huyair-bio1-1200-touch-avt-800x800.jpg 800w, https:\/\/labone.vn\/huylab\/wp-content\/uploads\/2024\/10\/huyair-bio1-1200-touch-avt-100x100.jpg 100w\" sizes=\"auto, (max-width: 900px) 100vw, 900px\" \/>\t\t\t\t\t\t\n\t\t\t\t\t<\/div>\n\t\t\t\t\t\t\t\t\n<style>\n#image_636146697 {\n  width: 100%;\n}\n<\/style>\n\t<\/div>\n\t\n<h3><span style=\"color: #3366ff;\">Model HUYAir Bio1-1200<\/span> | T\u1ee7 An To\u00e0n Sinh H\u1ecdc C\u1ea5p 1<\/h3>\n<p><span style=\"color: #000000;\"><span style=\"color: #3366ff;\">\u2714<\/span> K\u00edch th\u01b0\u1edbc ngo\u00e0i (RxSxC): R1355 x S750 x C1200 mm<\/span><\/p>\n<p><span style=\"color: #000000;\"><span style=\"color: #3366ff;\">\u2714<\/span> K\u00edch th\u01b0\u1edbc trong (RxSxC): R1250 x S620 x C600 mm<\/span><\/p>\n<p><span style=\"color: #000000;\"><span style=\"color: #3366ff;\">\u2714<\/span> M\u00e0n h\u00ecnh c\u1ea3m \u1ee9ng<\/span><\/p>\n<p><span style=\"color: #000000;\"><span style=\"color: #3366ff;\">\u2714<\/span>\u00a0\u0110\u1ed9ng c\u01a1 AC<\/span><\/p>\n<a href=\"https:\/\/labone.vn\/huylab\/san-pham\/model-huyair-bio1-1200-tu-an-toan-sinh-hoc-cap-1\/\" target=\"_self\" class=\"button primary is-outline lowercase expand\"  style=\"border-radius:99px;\">\n    <span>HUYAir Bio1-1200 \u2794<\/span>\n  <\/a>\n\n\t\t<\/div>\n\t\t\t\t\n<style>\n#col-1789745472 > .col-inner {\n  border-radius: 5px;\n}\n<\/style>\n\t<\/div>\n\n\t\n\n\t<div id=\"col-1185031741\" class=\"col medium-4 small-12 large-4\"  >\n\t\t\t\t<div class=\"col-inner\"  >\n\t\t\t\n\t\t\t\n<div class=\"container section-title-container\" ><h4 class=\"section-title section-title-center\"><b><\/b><span class=\"section-title-main\" >K\u00edch th\u01b0\u1edbc 1500<\/span><b><\/b><\/h4><\/div>\n\t<div class=\"img has-hover x md-x lg-x y md-y lg-y\" id=\"image_466440645\">\n\t\t\t\t\t\t\t\t<div class=\"img-inner dark\" >\n\t\t\t<img loading=\"lazy\" decoding=\"async\" width=\"900\" height=\"900\" src=\"https:\/\/labone.vn\/huylab\/wp-content\/uploads\/2024\/10\/huyair-bio1-1500-touch-avt.jpg\" class=\"attachment-original size-original\" alt=\"\" srcset=\"https:\/\/labone.vn\/huylab\/wp-content\/uploads\/2024\/10\/huyair-bio1-1500-touch-avt.jpg 900w, https:\/\/labone.vn\/huylab\/wp-content\/uploads\/2024\/10\/huyair-bio1-1500-touch-avt-500x500.jpg 500w, https:\/\/labone.vn\/huylab\/wp-content\/uploads\/2024\/10\/huyair-bio1-1500-touch-avt-768x768.jpg 768w, https:\/\/labone.vn\/huylab\/wp-content\/uploads\/2024\/10\/huyair-bio1-1500-touch-avt-800x800.jpg 800w, https:\/\/labone.vn\/huylab\/wp-content\/uploads\/2024\/10\/huyair-bio1-1500-touch-avt-100x100.jpg 100w\" sizes=\"auto, (max-width: 900px) 100vw, 900px\" \/>\t\t\t\t\t\t\n\t\t\t\t\t<\/div>\n\t\t\t\t\t\t\t\t\n<style>\n#image_466440645 {\n  width: 100%;\n}\n<\/style>\n\t<\/div>\n\t\n<h3><span style=\"color: #3366ff;\">Model HUYAir Bio1-1500<\/span> | T\u1ee7 An To\u00e0n Sinh H\u1ecdc C\u1ea5p 1<\/h3>\n<p><span style=\"color: #000000;\"><span style=\"color: #3366ff;\">\u2714<\/span> K\u00edch th\u01b0\u1edbc ngo\u00e0i (RxSxC): R1630 x S750 x C1200 mm<\/span><\/p>\n<p><span style=\"color: #000000;\"><span style=\"color: #3366ff;\">\u2714<\/span> K\u00edch th\u01b0\u1edbc trong (RxSxC): R1550 x S620 x C600 mm<\/span><\/p>\n<p><span style=\"color: #000000;\"><span style=\"color: #3366ff;\">\u2714<\/span> M\u00e0n h\u00ecnh c\u1ea3m \u1ee9ng<\/span><\/p>\n<p><span style=\"color: #000000;\"><span style=\"color: #3366ff;\">\u2714<\/span> \u0110\u1ed9ng c\u01a1 AC<\/span><\/p>\n<a href=\"https:\/\/labone.vn\/huylab\/san-pham\/model-huyair-bio1-1500-tu-an-toan-sinh-hoc-cap-1\/\" target=\"_self\" class=\"button primary is-outline lowercase expand\"  style=\"border-radius:99px;\">\n    <span>HUYAir Bio1-1500 \u2794<\/span>\n  <\/a>\n\n\t\t<\/div>\n\t\t\t\t\n<style>\n#col-1185031741 > .col-inner {\n  border-radius: 5px;\n}\n<\/style>\n\t<\/div>\n\n\t\n\n\t<div id=\"col-1037228774\" class=\"col medium-4 small-12 large-4\"  >\n\t\t\t\t<div class=\"col-inner\"  >\n\t\t\t\n\t\t\t\n<div class=\"container section-title-container\" ><h4 class=\"section-title section-title-center\"><b><\/b><span class=\"section-title-main\" >K\u00edch th\u01b0\u1edbc 1800<\/span><b><\/b><\/h4><\/div>\n\t<div class=\"img has-hover x md-x lg-x y md-y lg-y\" id=\"image_628142586\">\n\t\t\t\t\t\t\t\t<div class=\"img-inner dark\" >\n\t\t\t<img loading=\"lazy\" decoding=\"async\" width=\"900\" height=\"900\" src=\"https:\/\/labone.vn\/huylab\/wp-content\/uploads\/2024\/10\/huyair-bio1-1800-touch-avt.jpg\" class=\"attachment-original size-original\" alt=\"\" srcset=\"https:\/\/labone.vn\/huylab\/wp-content\/uploads\/2024\/10\/huyair-bio1-1800-touch-avt.jpg 900w, https:\/\/labone.vn\/huylab\/wp-content\/uploads\/2024\/10\/huyair-bio1-1800-touch-avt-500x500.jpg 500w, https:\/\/labone.vn\/huylab\/wp-content\/uploads\/2024\/10\/huyair-bio1-1800-touch-avt-768x768.jpg 768w, https:\/\/labone.vn\/huylab\/wp-content\/uploads\/2024\/10\/huyair-bio1-1800-touch-avt-800x800.jpg 800w, https:\/\/labone.vn\/huylab\/wp-content\/uploads\/2024\/10\/huyair-bio1-1800-touch-avt-100x100.jpg 100w\" sizes=\"auto, (max-width: 900px) 100vw, 900px\" \/>\t\t\t\t\t\t\n\t\t\t\t\t<\/div>\n\t\t\t\t\t\t\t\t\n<style>\n#image_628142586 {\n  width: 100%;\n}\n<\/style>\n\t<\/div>\n\t\n<h3>Model HUYAir Bio1-1800 | T\u1ee7 An To\u00e0n Sinh H\u1ecdc C\u1ea5p 1<\/h3>\n<p><span style=\"color: #000000;\"><span style=\"color: #3366ff;\">\u2714<\/span> K\u00edch th\u01b0\u1edbc ngo\u00e0i (RxSxC): R1930 x S750 x C1200 mm<\/span><\/p>\n<p><span style=\"color: #000000;\"><span style=\"color: #3366ff;\">\u2714<\/span> K\u00edch th\u01b0\u1edbc trong (RxSxC): R1850 x S620 x C600 mm<\/span><\/p>\n<p><span style=\"color: #000000;\"><span style=\"color: #3366ff;\">\u2714<\/span> M\u00e0n h\u00ecnh c\u1ea3m \u1ee9ng<\/span><\/p>\n<p><span style=\"color: #000000;\"><span style=\"color: #3366ff;\">\u2714<\/span> \u0110\u1ed9ng c\u01a1 AC<\/span><\/p>\n<a href=\"https:\/\/labone.vn\/huylab\/san-pham\/model-huyair-bio1-1800-tu-an-toan-sinh-hoc-cap-1\/\" target=\"_self\" class=\"button primary is-outline lowercase expand\"  style=\"border-radius:99px;\">\n    <span>HUYAir Bio1-1800 \u2794<\/span>\n  <\/a>\n\n\t\t<\/div>\n\t\t\t\t\n<style>\n#col-1037228774 > .col-inner {\n  margin: 0px 0px -30px 0px;\n  border-radius: 5px;\n}\n@media (min-width:550px) {\n  #col-1037228774 > .col-inner {\n    margin: 0px 0px 0 0px;\n  }\n}\n<\/style>\n\t<\/div>\n\n\t\n<\/div>\n","protected":false},"excerpt":{"rendered":"","protected":false},"author":1,"featured_media":0,"parent":1308,"menu_order":0,"comment_status":"closed","ping_status":"closed","template":"page-blank.php","meta":{"footnotes":""},"class_list":["post-1446","page","type-page","status-publish","hentry"],"_links":{"self":[{"href":"https:\/\/labone.vn\/huylab\/wp-json\/wp\/v2\/pages\/1446","targetHints":{"allow":["GET"]}}],"collection":[{"href":"https:\/\/labone.vn\/huylab\/wp-json\/wp\/v2\/pages"}],"about":[{"href":"https:\/\/labone.vn\/huylab\/wp-json\/wp\/v2\/types\/page"}],"author":[{"embeddable":true,"href":"https:\/\/labone.vn\/huylab\/wp-json\/wp\/v2\/users\/1"}],"replies":[{"embeddable":true,"href":"https:\/\/labone.vn\/huylab\/wp-json\/wp\/v2\/comments?post=1446"}],"version-history":[{"count":12,"href":"https:\/\/labone.vn\/huylab\/wp-json\/wp\/v2\/pages\/1446\/revisions"}],"predecessor-version":[{"id":2714,"href":"https:\/\/labone.vn\/huylab\/wp-json\/wp\/v2\/pages\/1446\/revisions\/2714"}],"up":[{"embeddable":true,"href":"https:\/\/labone.vn\/huylab\/wp-json\/wp\/v2\/pages\/1308"}],"wp:attachment":[{"href":"https:\/\/labone.vn\/huylab\/wp-json\/wp\/v2\/media?parent=1446"}],"curies":[{"name":"wp","href":"https:\/\/api.w.org\/{rel}","templated":true}]}}