{"id":1851,"date":"2023-08-30T04:30:10","date_gmt":"2023-08-30T04:30:10","guid":{"rendered":"https:\/\/labone.vn\/huylab\/?post_type=product&#038;p=1851"},"modified":"2025-04-29T08:56:52","modified_gmt":"2025-04-29T08:56:52","slug":"model-huyair-fh-1500-tu-hut-khi-doc-co-duong-ong","status":"publish","type":"product","link":"https:\/\/labone.vn\/huylab\/san-pham\/model-huyair-fh-1500-tu-hut-khi-doc-co-duong-ong\/","title":{"rendered":"Model HUYAir FH-1500 | T\u1ee7 H\u00fat Kh\u00ed \u0110\u1ed9c C\u00f3 \u0110\u01b0\u1eddng \u1ed0ng"},"content":{"rendered":"<p><span style=\"color: #3366ff;\"><strong>\u0110\u1eb6C T\u00cdNH S\u1ea2N PH\u1ea8M<\/strong><\/span><\/p>\n<ul>\n<li>T\u1ee7 H\u00fat Kh\u00ed \u0110\u1ed9c C\u00f3 \u0110\u01b0\u1eddng \u1ed0ng \u2013 HUYAir FH \u0111\u01b0\u1ee3c s\u1eed d\u1ee5ng \u0111\u1ec3 ki\u1ec3m so\u00e1t v\u00e0 x\u1eed l\u00fd kh\u00ed th\u1ea3i g\u00e2y \u00f4 nhi\u1ec5m trong c\u00e1c \u1ee9ng d\u1ee5ng c\u00f4ng nghi\u1ec7p v\u00e0 h\u00f3a h\u1ecdc.<\/li>\n<li>C\u1ea5u tr\u00fac t\u1ee7: bu\u1ed3ng b\u1eb1ng nh\u1ef1a PP v\u00e0 PVDF, v\u1ecf ngo\u00e0i b\u1eb1ng th\u00e9p k\u1ebdm m\u1ea1 \u0111i\u1ec7n s\u01a1n t\u0129nh \u0111i\u1ec7n, kh\u00e1ng ho\u00e1 ch\u1ea5t, UV, vi sinh v\u00e0 d\u1ec5 d\u00e0ng v\u1ec7 sinh.<\/li>\n<li>C\u1eeda b\u1eb1ng k\u00ednh c\u01b0\u1eddng l\u1ef1c ch\u1ed1ng UV, tr\u01b0\u1ee3t v\u00e0 \u0111\u1ed1i tr\u1ecdng.<\/li>\n<li>M\u1eb7t b\u00e0n thao t\u00e1c t\u1eeb phenolic resin, nh\u1ef1a PP, ho\u1eb7c Epoxy resin, b\u1ec1n v\u00e0 ch\u1ed1ng h\u00f3a ch\u1ea5t.<\/li>\n<li>Kh\u00f4ng kh\u00ed trong bu\u1ed3ng l\u00e0m vi\u1ec7c \u0111\u00e1p \u1ee9ng \u0111\u01b0\u1ee3c ti\u00eau chu\u1ea9n ISO 14644-1<\/li>\n<li>S\u1eed d\u1ee5ng \u0111\u1ed9ng c\u01a1 Quimipol \u2013 T\u00e2y Ban Nha ti\u1ebft ki\u1ec7m n\u0103ng l\u01b0\u1ee3ng, gi\u1ea3m ti\u1ebfng \u1ed3n, gi\u1ea3m chi ph\u00ed v\u1eadn h\u00e0nh l\u00e2u d\u00e0i.<\/li>\n<\/ul>\n","protected":false},"excerpt":{"rendered":"<ul>\n<li><strong>\u0110\u1ed9ng C\u01a1:<\/strong> T<span style=\"font-weight: 400;\">\u1ee7 h\u00fat M250-1P,1.5Kw,1500rpm 220V, HSX: QUIMIPOL.<\/span><\/li>\n<li><strong>\u0110\u00e1p \u1ee9ng ti\u00eau chu\u1ea9n:<\/strong>\u00a0ASHREA 110.<\/li>\n<li><strong>K\u00edch th\u01b0\u1edbc ti\u00eau chu\u1ea9n:<\/strong> 1500mm.<\/li>\n<li><strong>B\u1ea3o h\u00e0nh :<\/strong>\u00a003 n\u0103m.<\/li>\n<\/ul>\n","protected":false},"featured_media":1852,"template":"","meta":[],"product_cat":[30],"product_tag":[],"class_list":["post-1851","product","type-product","status-publish","has-post-thumbnail","hentry","product_cat-tu-hut-khi-doc-co-duong-ong-vi"],"_links":{"self":[{"href":"https:\/\/labone.vn\/huylab\/wp-json\/wp\/v2\/product\/1851","targetHints":{"allow":["GET"]}}],"collection":[{"href":"https:\/\/labone.vn\/huylab\/wp-json\/wp\/v2\/product"}],"about":[{"href":"https:\/\/labone.vn\/huylab\/wp-json\/wp\/v2\/types\/product"}],"wp:featuredmedia":[{"embeddable":true,"href":"https:\/\/labone.vn\/huylab\/wp-json\/wp\/v2\/media\/1852"}],"wp:attachment":[{"href":"https:\/\/labone.vn\/huylab\/wp-json\/wp\/v2\/media?parent=1851"}],"wp:term":[{"taxonomy":"product_cat","embeddable":true,"href":"https:\/\/labone.vn\/huylab\/wp-json\/wp\/v2\/product_cat?post=1851"},{"taxonomy":"product_tag","embeddable":true,"href":"https:\/\/labone.vn\/huylab\/wp-json\/wp\/v2\/product_tag?post=1851"}],"curies":[{"name":"wp","href":"https:\/\/api.w.org\/{rel}","templated":true}]}}