{"id":2061,"date":"2023-09-04T08:18:38","date_gmt":"2023-09-04T08:18:38","guid":{"rendered":"https:\/\/labone.vn\/huylab\/?post_type=product&#038;p=2061"},"modified":"2023-12-19T02:41:19","modified_gmt":"2023-12-19T02:41:19","slug":"model-huyair-pcr-900-tu-thao-tac-pcr-voi-uv-va-dong-khi-sach","status":"publish","type":"product","link":"https:\/\/labone.vn\/huylab\/san-pham\/model-huyair-pcr-900-tu-thao-tac-pcr-voi-uv-va-dong-khi-sach\/","title":{"rendered":"Model HUYAir PCR-900 | T\u1ee7 Thao T\u00e1c PCR V\u1edbi UV V\u00e0 D\u00f2ng Kh\u00ed S\u1ea1ch"},"content":{"rendered":"<p><img loading=\"lazy\" decoding=\"async\" class=\"alignnone size-full wp-image-756\" src=\"https:\/\/labone.vn\/huylab\/wp-content\/uploads\/2023\/05\/THIET-KE-HUYlab-5.jpg\" alt=\"\" width=\"1920\" height=\"500\" srcset=\"https:\/\/labone.vn\/huylab\/wp-content\/uploads\/2023\/05\/THIET-KE-HUYlab-5.jpg 1920w, https:\/\/labone.vn\/huylab\/wp-content\/uploads\/2023\/05\/THIET-KE-HUYlab-5-800x208.jpg 800w, https:\/\/labone.vn\/huylab\/wp-content\/uploads\/2023\/05\/THIET-KE-HUYlab-5-1000x260.jpg 1000w, https:\/\/labone.vn\/huylab\/wp-content\/uploads\/2023\/05\/THIET-KE-HUYlab-5-768x200.jpg 768w, https:\/\/labone.vn\/huylab\/wp-content\/uploads\/2023\/05\/THIET-KE-HUYlab-5-1536x400.jpg 1536w\" sizes=\"auto, (max-width: 1920px) 100vw, 1920px\" \/><\/p>\n<p><span style=\"font-size: 105%;\"><strong><span style=\"color: #3366ff;\">C\u00f4ng ngh\u1ec7<\/span><\/strong><\/span><\/p>\n<ul>\n<li><span style=\"color: #000000;\">HUYAir PCR s\u1eed d\u1ee5ng h\u1ec7 th\u1ed1ng \u0111i\u1ec1u khi\u1ec3n b\u1eb1ng vi x\u1eed l\u00fd \u201cHUYAir Comprehensive\u201d th\u1ec3 hi\u1ec7n \u0111\u1ea7y \u0111\u1ee7 hi\u1ec7u su\u1ea5t c\u1ee7a t\u1ee7 tr\u00ean m\u00e0n h\u00ecnh LCD.<\/span><\/li>\n<li><span style=\"color: #000000;\">C\u1ea3nh b\u00e1o hi\u1ec3n th\u1ecb khi b\u1ed9 l\u1ecdc v\u00e0 \u0111\u00e8n UV h\u1ebft hi\u1ec7u n\u0103ng s\u1eed d\u1ee5ng.<\/span><\/li>\n<li><span style=\"color: #000000;\">Khi \u0111\u00e8n UV ho\u1ea1t \u0111\u1ed9ng th\u00ec \u0111\u00e8n hu\u1ef3nh quang v\u00e0 \u0111\u1ed9ng c\u01a1 s\u1ebd t\u1ef1 \u0111\u1ed9ng t\u1eaft. Khi m\u1edf c\u1eeda th\u00ec \u0111\u00e8n UV s\u1ebd t\u1ef1 \u0111\u1ed9ng t\u1eaft \u0111\u1ec3 b\u1ea3o v\u1ec7 ng\u01b0\u1eddi s\u1eed d\u1ee5ng.<\/span><\/li>\n<li><span style=\"color: #000000;\">C\u1ea3nh b\u00e1o c\u1eeda: khi m\u1edf c\u1eeda k\u00ednh v\u01b0\u1ee3t qu\u00e1 gi\u1edbi h\u1ea1n 200 mm, t\u00edn hi\u1ec7u c\u00f2i v\u00e0 \u0111\u00e8n s\u1ebd ho\u1ea1t \u0111\u1ed9ng gi\u00fap ng\u01b0\u1eddi s\u1eed d\u1ee5ng l\u00e0m vi\u1ec7c an to\u00e0n.<\/span><\/li>\n<li><span style=\"color: #000000;\">Khi \u0111\u00f3ng c\u1eeda k\u00ednh ho\u00e0n to\u00e0n \u0111\u1ed9ng c\u01a1 s\u1ebd t\u1ef1 \u0111\u1ed9ng gi\u1ea3m, c\u00f2n ho\u1ea1t \u0111\u1ed9ng 30% \u0111\u1ec3 ti\u1ebft ki\u1ec7m \u0111i\u1ec7n n\u0103ng, t\u0103ng tu\u1ed5i th\u1ecd cho \u0111\u1ed9ng c\u01a1 v\u00e0 duy tr\u00ec kh\u00f4ng kh\u00ed s\u1ea1ch trong kh\u00f4ng gian l\u00e0m vi\u1ec7c.<\/span><\/li>\n<li><span style=\"color: #000000;\">\u0110\u1ed9ng c\u01a1 s\u1eed d\u1ee5ng qu\u1ea1t ly t\u00e2m EBMpapst \u2013 \u0110\u1ee9c ti\u1ebft ki\u1ec7m n\u0103ng l\u01b0\u1ee3ng, k\u00e9o d\u00e0i tu\u1ed5i th\u1ecd b\u1ed9 l\u1ecdc v\u00e0 gi\u1ea3m ti\u1ebfng \u1ed3n khi ho\u1ea1t \u0111\u1ed9ng.<\/span><\/li>\n<li><span style=\"color: #000000;\">S\u1eed d\u1ee5ng l\u1ecdc Camfil &#8211; Th\u1ee5y \u0110i\u1ec3n H14 ho\u1eb7c AAF-M\u1ef9 hi\u1ec7u su\u1ea5t l\u1ecdc cao 99,999% t\u1ea1i 0.3 um.<\/span><\/li>\n<\/ul>\n<p><span style=\"font-size: 105%;\"><strong><span style=\"color: #3366ff;\">Thi\u1ebft k\u1ebf<\/span><\/strong><\/span><\/p>\n<ul>\n<li><span style=\"color: #000000;\">Thi\u1ebft k\u1ebf t\u1ee7 v\u1edbi v\u00e1ch 2 b\u00ean b\u1eb1ng k\u00ednh c\u01b0\u1eddng l\u1ef1c 5 mm ch\u1ed1ng tia c\u1ef1c t\u00edm v\u00e0 d\u1ec5 d\u00e0ng quan s\u00e1t m\u1eabu c\u0169ng nh\u01b0 qu\u00e1 tr\u00ecnh thao t\u00e1c c\u1ee7a ng\u01b0\u1eddi kh\u00e1c.<\/span><\/li>\n<li><span style=\"color: #000000;\">T\u1ee7 thao t\u00e1c PCR c\u1ee7a HUYlab \u0111\u01b0\u1ee3c thi\u1ebft k\u1ebf \u0111\u1ec3 d\u1ec5 s\u1eed d\u1ee5ng v\u00e0 thu\u1eadn ti\u1ec7n cho ng\u01b0\u1eddi d\u00f9ng. Thi\u1ebft k\u1ebf th\u00f4ng minh gi\u00fap t\u1ed1i \u01b0u h\u00f3a qu\u00e1 tr\u00ecnh c\u00e2n v\u00e0 l\u00e0m vi\u1ec7c hi\u1ec7u qu\u1ea3.<\/span><\/li>\n<\/ul>\n<p><span style=\"color: #3366ff; font-size: 105%;\"><strong>V\u1eadt li\u1ec7u<\/strong><\/span><\/p>\n<ul>\n<li><span style=\"color: #000000;\">C\u1eeda tr\u01b0\u1edbc b\u1eb1ng k\u00ednh c\u01b0\u1eddng l\u1ef1c 5-10 mm.<\/span><\/li>\n<li><span style=\"color: #000000;\">V\u1ecf ngo\u00e0i b\u1eb1ng th\u00e9p k\u1ebdm d\u00e0y 1.2 mm \u0111\u01b0\u1ee3c s\u01a1n t\u0129nh \u0111i\u1ec7n kh\u00e1ng h\u00f3a ch\u1ea5t.<\/span><\/li>\n<li><span style=\"color: #000000;\">V\u1eadt li\u1ec7u bu\u1ed3ng b\u00ean trong b\u1eb1ng th\u00e9p k\u1ebdm d\u00e0y 0.8mm.<\/span><\/li>\n<\/ul>\n","protected":false},"excerpt":{"rendered":"<div class=\"product-short-description\">\n<ul>\n<li><span style=\"color: #000000;\">\u0110\u00e1p \u1ee9ng ti\u00eau chu\u1ea9n: IEST, ISO 14644-3:2019<\/span><\/li>\n<li><span style=\"color: #000000;\">K\u00edch th\u01b0\u1edbc ti\u00eau chu\u1ea9n: 900mm.<\/span><\/li>\n<li><span style=\"color: #000000;\">B\u1ea3o h\u00e0nh : 03 n\u0103m.<\/span><\/li>\n<\/ul>\n<\/div>\n","protected":false},"featured_media":2238,"template":"","meta":[],"product_cat":[282],"product_tag":[],"class_list":["post-2061","product","type-product","status-publish","has-post-thumbnail","hentry","product_cat-tu-thao-tac-pcr-voi-uv-va-dong-khi-sach"],"_links":{"self":[{"href":"https:\/\/labone.vn\/huylab\/wp-json\/wp\/v2\/product\/2061","targetHints":{"allow":["GET"]}}],"collection":[{"href":"https:\/\/labone.vn\/huylab\/wp-json\/wp\/v2\/product"}],"about":[{"href":"https:\/\/labone.vn\/huylab\/wp-json\/wp\/v2\/types\/product"}],"wp:featuredmedia":[{"embeddable":true,"href":"https:\/\/labone.vn\/huylab\/wp-json\/wp\/v2\/media\/2238"}],"wp:attachment":[{"href":"https:\/\/labone.vn\/huylab\/wp-json\/wp\/v2\/media?parent=2061"}],"wp:term":[{"taxonomy":"product_cat","embeddable":true,"href":"https:\/\/labone.vn\/huylab\/wp-json\/wp\/v2\/product_cat?post=2061"},{"taxonomy":"product_tag","embeddable":true,"href":"https:\/\/labone.vn\/huylab\/wp-json\/wp\/v2\/product_tag?post=2061"}],"curies":[{"name":"wp","href":"https:\/\/api.w.org\/{rel}","templated":true}]}}