{"id":325,"date":"2022-07-27T06:08:17","date_gmt":"2022-07-27T06:08:17","guid":{"rendered":"http:\/\/labone.vn\/labone\/huylab\/?post_type=product&#038;p=325"},"modified":"2023-05-04T01:52:24","modified_gmt":"2023-05-04T01:52:24","slug":"ban-thi-nghiem-trung-tam-loai-hoc-tu-di-dong","status":"publish","type":"product","link":"https:\/\/labone.vn\/huylab\/san-pham\/ban-thi-nghiem-trung-tam-loai-hoc-tu-di-dong\/","title":{"rendered":"B\u00e0n Th\u00ed Nghi\u1ec7m Trung T\u00e2m, Lo\u1ea1i H\u1ed9c T\u1ee7 Di \u0110\u1ed9ng"},"content":{"rendered":"<ul>\n<li>B\u00e0n th\u00ed nghi\u1ec7m trung t\u00e2m, lo\u1ea1i khung ch\u1eef C, H v\u00e0 O k\u1ebft h\u1ee3p v\u1edbi Cabinet di \u0111\u1ed9ng t\u1ea1o th\u00e0nh m\u1ed9t h\u1ec7 th\u1ed1ng b\u00e0n th\u00ed nghi\u1ec7m trung t\u00e2m ch\u1eafc ch\u1eafn v\u00e0 \u0111\u01b0\u1ee3c s\u1eed d\u1ee5ng ph\u1ed5 bi\u1ebfn tr\u00ean th\u1ebf gi\u1edbi.<\/li>\n<li>B\u00e0n th\u00ed nghi\u1ec7m trung t\u00e2m lo\u1ea1i khung c\u00f3 th\u1ec3 k\u1ebft h\u1ee3p v\u1edbi c\u00e1c cabinet di \u0111\u1ed9ng, b\u00e0n r\u1eeda, gi\u00e1 treo, k\u1ec7 thu\u1ed1c th\u1eed, module kh\u00ed, gas, n\u01b0\u1edbc,\u2026 t\u1ea1o th\u00e0nh m\u1ed9t h\u1ec7 th\u1ed1ng thao t\u00e1c th\u00ed nghi\u1ec7m ti\u1ec7n \u00edch v\u00e0 \u0111\u1ea7y \u0111\u1ee7 c\u00e1c ch\u1ee9c n\u0103ng.<\/li>\n<li>K\u00edch th\u01b0\u1edbc ti\u00eau chu\u1ea9n: chi\u1ec1u ngang 1500mm; chi\u1ec1u cao 800mm(ng\u1ed3i l\u00e0m vi\u1ec7c), 900mm(\u0111\u1ee9ng l\u00e0m vi\u1ec7c); chi\u1ec1u d\u00e0i 2400, 3600, 4200, 4800, 5200 v\u00e0 6000mm. Ngo\u00e0i ra k\u00edch th\u01b0\u1edbc s\u1ebd \u0111\u01b0\u1ee3c thi\u1ebft k\u1ebf v\u00e0 s\u1ea3n xu\u1ea5t theo nhu c\u1ea7u v\u00e0 th\u1ef1c t\u1ebf c\u1ee7a kh\u00e1ch h\u00e0ng.<\/li>\n<\/ul>\n","protected":false},"excerpt":{"rendered":"<p>B\u00e0n th\u00ec nghi\u1ec7m trung t\u00e2m lo\u1ea1i khung v\u00e0 k\u1ebft h\u1ee3p v\u1edbi c\u00e1c cabinet di \u0111\u1ed9ng, b\u00e0n r\u1eeda, gi\u00e1 treo, k\u1ec7 thu\u1ed1c th\u1eed, module kh\u00ed, gas, n\u01b0\u1edbc,\u2026 t\u1ea1o th\u00e0nh m\u1ed9t h\u1ec7 th\u1ed1ng b\u00e0n th\u00ed nghi\u1ec7m trung t\u00e2m hi\u1ec7n \u0111\u1ea1i.<\/p>\n<ul>\n<li>Cabinet, b\u00e0n r\u1eeda b\u1eb1ng v\u1eadt li\u1ec7u \u0111a d\u1ea1ng: th\u00e9p k\u1ebdm s\u01a1n t\u0129nh \u0111i\u1ec7n, V\u00e1n MFC, Laminate, Inox 304<\/li>\n<li>M\u1eb7t b\u00e0n chuy\u00ean d\u1ee5ng: Phenolic resin, Expoxy, Inox 304, \u0110\u00e1 Granite.<\/li>\n<li>B\u1ed3n r\u1eeda: Nh\u1ef1a PP, Exoxy resin, Inox 304<\/li>\n<\/ul>\n","protected":false},"featured_media":328,"template":"","meta":[],"product_cat":[19,32],"product_tag":[],"class_list":["post-325","product","type-product","status-publish","has-post-thumbnail","hentry","product_cat-noi-that-phong-thi-nghiem-vi","product_cat-ban-thi-nghiem-trung-tam-vi"],"_links":{"self":[{"href":"https:\/\/labone.vn\/huylab\/wp-json\/wp\/v2\/product\/325","targetHints":{"allow":["GET"]}}],"collection":[{"href":"https:\/\/labone.vn\/huylab\/wp-json\/wp\/v2\/product"}],"about":[{"href":"https:\/\/labone.vn\/huylab\/wp-json\/wp\/v2\/types\/product"}],"wp:featuredmedia":[{"embeddable":true,"href":"https:\/\/labone.vn\/huylab\/wp-json\/wp\/v2\/media\/328"}],"wp:attachment":[{"href":"https:\/\/labone.vn\/huylab\/wp-json\/wp\/v2\/media?parent=325"}],"wp:term":[{"taxonomy":"product_cat","embeddable":true,"href":"https:\/\/labone.vn\/huylab\/wp-json\/wp\/v2\/product_cat?post=325"},{"taxonomy":"product_tag","embeddable":true,"href":"https:\/\/labone.vn\/huylab\/wp-json\/wp\/v2\/product_tag?post=325"}],"curies":[{"name":"wp","href":"https:\/\/api.w.org\/{rel}","templated":true}]}}