{"id":1206,"date":"2023-09-06T09:28:05","date_gmt":"2023-09-06T09:28:05","guid":{"rendered":"https:\/\/labone.vn\/kinglab\/?page_id=1206"},"modified":"2024-10-03T09:41:30","modified_gmt":"2024-10-03T09:41:30","slug":"may-pha-loang-theo-trong-luong","status":"publish","type":"page","link":"https:\/\/labone.vn\/kinglab\/may-pha-loang-theo-trong-luong\/","title":{"rendered":"M\u00e1y Pha Lo\u00e3ng Theo Tr\u1ecdng L\u01b0\u1ee3ng"},"content":{"rendered":"\n  <div class=\"banner has-hover\" id=\"banner-735058068\">\n          <div class=\"banner-inner fill\">\n        <div class=\"banner-bg fill\" >\n            <div class=\"bg fill bg-fill \"><\/div>\n                        <div class=\"overlay\"><\/div>            \n                    <\/div>\n        <div class=\"banner-layers container\">\n            <div class=\"fill banner-link\"><\/div>            \n   <div id=\"text-box-179919534\" class=\"text-box banner-layer x5 md-x5 lg-x5 y50 md-y50 lg-y50 res-text\">\n                                <div class=\"text-box-content text \">\n              \n              <div class=\"text-inner text-left\">\n                  \n\t<div id=\"text-744973851\" class=\"text\">\n\t\t\n<h4 class=\"uppercase\"><span style=\"color: #3366ff;\"><strong>M\u00e1y Pha Lo\u00e3ng Theo Tr\u1ecdng L\u01b0\u1ee3ng<\/strong><\/span><\/h4>\n<hr \/>\n<p><span style=\"color: #3366ff;\"><strong>KingGraviDilu<\/strong> <\/span>l\u00e0 thi\u1ebft b\u1ecb pha lo\u00e3ng m\u1eabu t\u1ef1 \u0111\u1ed9ng, d\u1ef1a tr\u00ean tr\u1ecdng l\u01b0\u1ee3ng, h\u1ed7 tr\u1ee3 l\u00ean \u0111\u1ebfn 3000g, v\u1edbi thi\u1ebft k\u1ebf nh\u1ecf g\u1ecdn v\u00e0 \u0111\u1ed9 ch\u00ednh x\u00e1c cao, ph\u00f9 h\u1ee3p cho c\u00e1c ph\u00f2ng th\u00ed nghi\u1ec7m v\u00e0 nghi\u00ean c\u1ee9u trong nhi\u1ec1u l\u0129nh v\u1ef1c nh\u01b0 khoa h\u1ecdc, ki\u1ec3m tra ch\u1ea5t l\u01b0\u1ee3ng v\u00e0 s\u1ea3n xu\u1ea5t.<\/p>\n\t\t\n<style>\n#text-744973851 {\n  font-size: 0.75rem;\n}\n@media (min-width:550px) {\n  #text-744973851 {\n    font-size: 1rem;\n  }\n}\n<\/style>\n\t<\/div>\n\t\n              <\/div>\n           <\/div>\n                            \n<style>\n#text-box-179919534 {\n  margin: 0px 0px 0px -5px;\n  width: 50%;\n}\n#text-box-179919534 .text-box-content {\n  font-size: 100%;\n}\n@media (min-width:550px) {\n  #text-box-179919534 {\n    width: 40%;\n  }\n}\n<\/style>\n    <\/div>\n \n        <\/div>\n      <\/div>\n\n            \n<style>\n#banner-735058068 {\n  padding-top: 50%;\n  background-color: rgb(255, 255, 255);\n}\n#banner-735058068 .bg.bg-loaded {\n  background-image: url(https:\/\/labone.vn\/kinglab\/wp-content\/uploads\/2024\/10\/banner-kinggravidilu.png);\n}\n#banner-735058068 .overlay {\n  background-color: rgba(190, 190, 190, 0.2);\n}\n#banner-735058068 .bg {\n  background-position: 90% 0%;\n}\n@media (min-width:550px) {\n  #banner-735058068 {\n    padding-top: 25%;\n  }\n}\n<\/style>\n  <\/div>\n\n\n<div class=\"row row-large row-divided\"  id=\"row-590397446\">\n\n\t<div id=\"col-1542593523\" class=\"col medium-4 small-12 large-4\"  >\n\t\t\t\t<div class=\"col-inner\"  >\n\t\t\t\n\t\t\t\n<div class=\"container section-title-container\" ><h4 class=\"section-title section-title-center\"><b><\/b><span class=\"section-title-main\" >KingGraviDilu<\/span><b><\/b><\/h4><\/div>\n\t<div class=\"img has-hover x md-x lg-x y md-y lg-y\" id=\"image_1263794966\">\n\t\t\t\t\t\t\t\t<div class=\"img-inner dark\" >\n\t\t\t<img loading=\"lazy\" decoding=\"async\" width=\"900\" height=\"900\" src=\"https:\/\/labone.vn\/kinglab\/wp-content\/uploads\/2024\/10\/ICON-KINGGRAVIDILU.png\" class=\"attachment-original size-original\" alt=\"\" srcset=\"https:\/\/labone.vn\/kinglab\/wp-content\/uploads\/2024\/10\/ICON-KINGGRAVIDILU.png 900w, https:\/\/labone.vn\/kinglab\/wp-content\/uploads\/2024\/10\/ICON-KINGGRAVIDILU-500x500.png 500w, https:\/\/labone.vn\/kinglab\/wp-content\/uploads\/2024\/10\/ICON-KINGGRAVIDILU-768x768.png 768w, https:\/\/labone.vn\/kinglab\/wp-content\/uploads\/2024\/10\/ICON-KINGGRAVIDILU-800x800.png 800w, https:\/\/labone.vn\/kinglab\/wp-content\/uploads\/2024\/10\/ICON-KINGGRAVIDILU-100x100.png 100w\" sizes=\"auto, (max-width: 900px) 100vw, 900px\" \/>\t\t\t\t\t\t\n\t\t\t\t\t<\/div>\n\t\t\t\t\t\t\t\t\n<style>\n#image_1263794966 {\n  width: 100%;\n}\n<\/style>\n\t<\/div>\n\t\n<h3><strong><span style=\"color: #3366ff;\">Model KingGraviDilu<\/span><\/strong> | M\u00e1y Pha Lo\u00e3ng Theo Tr\u1ecdng L\u01b0\u1ee3ng<\/h3>\n<p><span style=\"color: #3366ff;\">\u2714<\/span> <span style=\"color: #000000;\">K\u00edch th\u01b0\u1edbc ngo\u00e0i (RxSxC): R295 x S246 x C385mm<\/span><\/p>\n<p><span style=\"color: #3366ff;\">\u2714<\/span> <span style=\"color: #000000;\">Ph\u1ea1m vi tr\u1ecdng l\u01b0\u1ee3ng: 0.1 \u2013 2500g<\/span><\/p>\n<p><span style=\"color: #3366ff;\">\u2714\u00a0<\/span><span style=\"color: #000000;\">T\u1ef7 l\u1ec7 pha lo\u00e3ng: 1\/2 \u0111\u1ebfn 1\/9999<\/span><\/p>\n<div>\n<div><span style=\"color: #3366ff;\">\u2714<span style=\"color: #000000;\">\u00a0<\/span><\/span><span style=\"color: #000000;\">T\u1ed1c \u0111\u1ed9 qua \u0111\u1ea7u b\u01a1m: 300 RPM<\/span><\/div>\n<div>\u00a0<\/div>\n<\/div>\n<a href=\"https:\/\/labone.vn\/kinglab\/product\/model-kinggravidilu-may-pha-loang-theo-trong-luong\/\" target=\"_self\" class=\"button primary is-outline lowercase expand\"  style=\"border-radius:99px;\">\n    <span>KingGraviDilu \u2794<\/span>\n  <\/a>\n\n\t\t<\/div>\n\t\t\t\t\n<style>\n#col-1542593523 > .col-inner {\n  border-radius: 5px;\n}\n<\/style>\n\t<\/div>\n\n\t\n<\/div>\n","protected":false},"excerpt":{"rendered":"","protected":false},"author":1,"featured_media":0,"parent":0,"menu_order":0,"comment_status":"closed","ping_status":"closed","template":"page-blank.php","meta":{"footnotes":""},"class_list":["post-1206","page","type-page","status-publish","hentry"],"_links":{"self":[{"href":"https:\/\/labone.vn\/kinglab\/wp-json\/wp\/v2\/pages\/1206","targetHints":{"allow":["GET"]}}],"collection":[{"href":"https:\/\/labone.vn\/kinglab\/wp-json\/wp\/v2\/pages"}],"about":[{"href":"https:\/\/labone.vn\/kinglab\/wp-json\/wp\/v2\/types\/page"}],"author":[{"embeddable":true,"href":"https:\/\/labone.vn\/kinglab\/wp-json\/wp\/v2\/users\/1"}],"replies":[{"embeddable":true,"href":"https:\/\/labone.vn\/kinglab\/wp-json\/wp\/v2\/comments?post=1206"}],"version-history":[{"count":10,"href":"https:\/\/labone.vn\/kinglab\/wp-json\/wp\/v2\/pages\/1206\/revisions"}],"predecessor-version":[{"id":1815,"href":"https:\/\/labone.vn\/kinglab\/wp-json\/wp\/v2\/pages\/1206\/revisions\/1815"}],"wp:attachment":[{"href":"https:\/\/labone.vn\/kinglab\/wp-json\/wp\/v2\/media?parent=1206"}],"curies":[{"name":"wp","href":"https:\/\/api.w.org\/{rel}","templated":true}]}}