{"id":1322,"date":"2023-09-12T08:10:02","date_gmt":"2023-09-12T08:10:02","guid":{"rendered":"https:\/\/labone.vn\/kinglab\/?page_id=1322"},"modified":"2023-11-27T04:51:09","modified_gmt":"2023-11-27T04:51:09","slug":"tu-say-dong-khi-doi-luu-tu-nhien","status":"publish","type":"page","link":"https:\/\/labone.vn\/kinglab\/tu-say\/tu-say-dong-khi-doi-luu-tu-nhien\/","title":{"rendered":"T\u1ee7 S\u1ea5y D\u00f2ng Kh\u00ed \u0110\u1ed1i L\u01b0u T\u1ef1 Nhi\u00ean"},"content":{"rendered":"\n  <div class=\"banner has-hover\" id=\"banner-1301131901\">\n          <div class=\"banner-inner fill\">\n        <div class=\"banner-bg fill\" >\n            <div class=\"bg fill bg-fill \"><\/div>\n                        <div class=\"overlay\"><\/div>            \n                    <\/div>\n        <div class=\"banner-layers container\">\n            <div class=\"fill banner-link\"><\/div>            \n   <div id=\"text-box-1310551824\" class=\"text-box banner-layer x5 md-x5 lg-x5 y50 md-y50 lg-y50 res-text\">\n                                <div class=\"text-box-content text \">\n              \n              <div class=\"text-inner text-left\">\n                  \n\t<div id=\"text-2608563064\" class=\"text\">\n\t\t\n<h2 class=\"uppercase\"><strong>t\u1ee7 S\u1ea4Y<\/strong><\/h2>\n<hr \/>\n<h3>D\u00f2ng Kh\u00ed \u0110\u1ed1i L\u01b0u T\u1ef1 Nhi\u00ean &#8211; NC<\/h3>\n\t\t\n<style>\n#text-2608563064 {\n  font-size: 0.75rem;\n}\n<\/style>\n\t<\/div>\n\t\n              <\/div>\n           <\/div>\n                            \n<style>\n#text-box-1310551824 {\n  width: 60%;\n}\n#text-box-1310551824 .text-box-content {\n  font-size: 100%;\n}\n@media (min-width:550px) {\n  #text-box-1310551824 {\n    width: 40%;\n  }\n}\n<\/style>\n    <\/div>\n \n        <\/div>\n      <\/div>\n\n            \n<style>\n#banner-1301131901 {\n  padding-top: 50%;\n  background-color: rgb(255, 255, 255);\n}\n#banner-1301131901 .bg.bg-loaded {\n  background-image: url(https:\/\/labone.vn\/kinglab\/wp-content\/uploads\/2023\/09\/banner-1.jpg);\n}\n#banner-1301131901 .overlay {\n  background-color: rgba(190, 190, 190, 0.2);\n}\n#banner-1301131901 .bg {\n  background-position: 83% 0%;\n}\n@media (min-width:550px) {\n  #banner-1301131901 {\n    padding-top: 25%;\n  }\n}\n<\/style>\n  <\/div>\n\n\n<div class=\"row row-large row-divided\"  id=\"row-1975965420\">\n\n\t<div id=\"col-1590442091\" class=\"col medium-4 small-12 large-4\"  >\n\t\t\t\t<div class=\"col-inner\"  >\n\t\t\t\n\t\t\t\n<div class=\"container section-title-container\" ><h4 class=\"section-title section-title-center\"><b><\/b><span class=\"section-title-main\" >55 L\u00edt<\/span><b><\/b><\/h4><\/div>\n\t<div class=\"img has-hover x md-x lg-x y md-y lg-y\" id=\"image_762104782\">\n\t\t\t\t\t\t\t\t<div class=\"img-inner dark\" >\n\t\t\t<img loading=\"lazy\" decoding=\"async\" width=\"900\" height=\"900\" src=\"https:\/\/labone.vn\/kinglab\/wp-content\/uploads\/2023\/09\/KINGLAB-INCUBATOR-1.jpg\" class=\"attachment-original size-original\" alt=\"\" srcset=\"https:\/\/labone.vn\/kinglab\/wp-content\/uploads\/2023\/09\/KINGLAB-INCUBATOR-1.jpg 900w, https:\/\/labone.vn\/kinglab\/wp-content\/uploads\/2023\/09\/KINGLAB-INCUBATOR-1-800x800.jpg 800w, https:\/\/labone.vn\/kinglab\/wp-content\/uploads\/2023\/09\/KINGLAB-INCUBATOR-1-100x100.jpg 100w, https:\/\/labone.vn\/kinglab\/wp-content\/uploads\/2023\/09\/KINGLAB-INCUBATOR-1-500x500.jpg 500w, https:\/\/labone.vn\/kinglab\/wp-content\/uploads\/2023\/09\/KINGLAB-INCUBATOR-1-768x768.jpg 768w\" sizes=\"auto, (max-width: 900px) 100vw, 900px\" \/>\t\t\t\t\t\t\n\t\t\t\t\t<\/div>\n\t\t\t\t\t\t\t\t\n<style>\n#image_762104782 {\n  width: 100%;\n}\n<\/style>\n\t<\/div>\n\t\n<h3 class=\"product-title product_title entry-title\"><span style=\"color: #3366ff;\"><strong>Model KingOven_55 NC<\/strong><\/span> | T\u1ee7 S\u1ea5y D\u00f2ng Kh\u00ed \u0110\u1ed1i L\u01b0u T\u1ef1 Nhi\u00ean<\/h3>\n<p>\u2714\u00a0K\u00edch th\u01b0\u1edbc ngo\u00e0i (RxSxC): R693 x S580 x C717 mm<\/p>\n<p>\u2714\u00a0K\u00edch th\u01b0\u1edbc trong (RxSxC): R428 x S300 x C428 mm<\/p>\n<p>\u2714\u00a0Dung T\u00edch: 55L<\/p>\n<p>\u2714\u00a0Tr\u1ecdng l\u01b0\u1ee3ng: 64Kg<\/p>\n<p>\u2714\u00a0Ngu\u1ed3n: 220\/240 50Hz<\/p>\n<a href=\"https:\/\/labone.vn\/kinglab\/product\/model-kingoven_55-nc-tu-say-dong-khi-doi-luu-tu-nhien\/\" target=\"_self\" class=\"button primary is-outline lowercase expand\"  style=\"border-radius:99px;\">\n    <span>Model KingOven_55 NC \u2794<\/span>\n  <\/a>\n\n\t\t<\/div>\n\t\t\t\t\n<style>\n#col-1590442091 > .col-inner {\n  border-radius: 5px;\n}\n<\/style>\n\t<\/div>\n\n\t\n\n\t<div id=\"col-1378047042\" class=\"col medium-4 small-12 large-4\"  >\n\t\t\t\t<div class=\"col-inner\"  >\n\t\t\t\n\t\t\t\n<div class=\"container section-title-container\" ><h4 class=\"section-title section-title-center\"><b><\/b><span class=\"section-title-main\" >127 L\u00edt<\/span><b><\/b><\/h4><\/div>\n\t<div class=\"img has-hover x md-x lg-x y md-y lg-y\" id=\"image_1788250985\">\n\t\t\t\t\t\t\t\t<div class=\"img-inner dark\" >\n\t\t\t<img loading=\"lazy\" decoding=\"async\" width=\"900\" height=\"900\" src=\"https:\/\/labone.vn\/kinglab\/wp-content\/uploads\/2023\/09\/KINGLAB-INCUBATOR-1.jpg\" class=\"attachment-original size-original\" alt=\"\" srcset=\"https:\/\/labone.vn\/kinglab\/wp-content\/uploads\/2023\/09\/KINGLAB-INCUBATOR-1.jpg 900w, https:\/\/labone.vn\/kinglab\/wp-content\/uploads\/2023\/09\/KINGLAB-INCUBATOR-1-800x800.jpg 800w, https:\/\/labone.vn\/kinglab\/wp-content\/uploads\/2023\/09\/KINGLAB-INCUBATOR-1-100x100.jpg 100w, https:\/\/labone.vn\/kinglab\/wp-content\/uploads\/2023\/09\/KINGLAB-INCUBATOR-1-500x500.jpg 500w, https:\/\/labone.vn\/kinglab\/wp-content\/uploads\/2023\/09\/KINGLAB-INCUBATOR-1-768x768.jpg 768w\" sizes=\"auto, (max-width: 900px) 100vw, 900px\" \/>\t\t\t\t\t\t\n\t\t\t\t\t<\/div>\n\t\t\t\t\t\t\t\t\n<style>\n#image_1788250985 {\n  width: 100%;\n}\n<\/style>\n\t<\/div>\n\t\n<h3 class=\"product-title product_title entry-title\"><span style=\"color: #3366ff;\"><strong>Model KingOven_127 NC<\/strong><\/span> | T\u1ee7 S\u1ea5y D\u00f2ng Kh\u00ed \u0110\u1ed1i L\u01b0u T\u1ef1 Nhi\u00ean<\/h3>\n<p>\u2714\u00a0K\u00edch th\u01b0\u1edbc ngo\u00e0i (RxSxC): R810 x S725 x C840 mm<\/p>\n<p>\u2714\u00a0K\u00edch th\u01b0\u1edbc trong (RxSxC): R550 x S419 x C550 mm<\/p>\n<p>\u2714\u00a0Dung t\u00edch 127L<\/p>\n<p>\u2714\u00a0Tr\u1ecdng l\u01b0\u1ee3ng: 64Kg<\/p>\n<p>\u2714\u00a0Ngu\u1ed3n: 220\/240 50Hz<\/p>\n<a href=\"https:\/\/labone.vn\/kinglab\/product\/model-kingoven-127-nc-tu-say-dong-khi-doi-luu-tu-nhien\/\" target=\"_self\" class=\"button primary is-outline lowercase expand\"  style=\"border-radius:99px;\">\n    <span>Model KingOven_127 NC \u2794<\/span>\n  <\/a>\n\n\t\t<\/div>\n\t\t\t\t\n<style>\n#col-1378047042 > .col-inner {\n  border-radius: 5px;\n}\n<\/style>\n\t<\/div>\n\n\t\n\n\t<div id=\"col-515063469\" class=\"col medium-4 small-12 large-4\"  >\n\t\t\t\t<div class=\"col-inner\"  >\n\t\t\t\n\t\t\t\n<div class=\"container section-title-container\" ><h4 class=\"section-title section-title-center\"><b><\/b><span class=\"section-title-main\" >127 L\u00edt<\/span><b><\/b><\/h4><\/div>\n\t<div class=\"img has-hover x md-x lg-x y md-y lg-y\" id=\"image_1234248565\">\n\t\t\t\t\t\t\t\t<div class=\"img-inner dark\" >\n\t\t\t<img loading=\"lazy\" decoding=\"async\" width=\"900\" height=\"900\" src=\"https:\/\/labone.vn\/kinglab\/wp-content\/uploads\/2023\/09\/KINGLAB-INCUBATOR-1.jpg\" class=\"attachment-original size-original\" alt=\"\" srcset=\"https:\/\/labone.vn\/kinglab\/wp-content\/uploads\/2023\/09\/KINGLAB-INCUBATOR-1.jpg 900w, https:\/\/labone.vn\/kinglab\/wp-content\/uploads\/2023\/09\/KINGLAB-INCUBATOR-1-800x800.jpg 800w, https:\/\/labone.vn\/kinglab\/wp-content\/uploads\/2023\/09\/KINGLAB-INCUBATOR-1-100x100.jpg 100w, https:\/\/labone.vn\/kinglab\/wp-content\/uploads\/2023\/09\/KINGLAB-INCUBATOR-1-500x500.jpg 500w, https:\/\/labone.vn\/kinglab\/wp-content\/uploads\/2023\/09\/KINGLAB-INCUBATOR-1-768x768.jpg 768w\" sizes=\"auto, (max-width: 900px) 100vw, 900px\" \/>\t\t\t\t\t\t\n\t\t\t\t\t<\/div>\n\t\t\t\t\t\t\t\t\n<style>\n#image_1234248565 {\n  width: 100%;\n}\n<\/style>\n\t<\/div>\n\t\n<h3 class=\"product-title product_title entry-title\"><span style=\"color: #3366ff;\"><strong>Model KingOven_127 NC<\/strong><\/span> | T\u1ee7 S\u1ea5y D\u00f2ng Kh\u00ed \u0110\u1ed1i L\u01b0u T\u1ef1 Nhi\u00ean<\/h3>\n<p>\u2714\u00a0K\u00edch th\u01b0\u1edbc ngo\u00e0i (RxSxC): R810 x S715 x C1040 mm<\/p>\n<p>\u2714\u00a0K\u00edch th\u01b0\u1edbc trong (RxSxC): R550 x S485 x C750 mm<\/p>\n<p>\u2714\u00a0Dung t\u00edch 186L<\/p>\n<p>\u2714\u00a0Tr\u1ecdng l\u01b0\u1ee3ng: 95Kg<\/p>\n<p>\u2714\u00a0Ngu\u1ed3n: 220\/240 50Hz<\/p>\n<a href=\"https:\/\/labone.vn\/kinglab\/product\/model-kingoven_186-nc-tu-say-dong-khi-doi-luu-tu-nhien\/\" target=\"_self\" class=\"button primary is-outline lowercase expand\"  style=\"border-radius:99px;\">\n    <span>Model KingOven_186 NC \u2794<\/span>\n  <\/a>\n\n\t\t<\/div>\n\t\t\t\t\n<style>\n#col-515063469 > .col-inner {\n  border-radius: 5px;\n}\n<\/style>\n\t<\/div>\n\n\t\n<\/div>\n","protected":false},"excerpt":{"rendered":"","protected":false},"author":1,"featured_media":0,"parent":1319,"menu_order":0,"comment_status":"closed","ping_status":"closed","template":"page-blank.php","meta":{"footnotes":""},"class_list":["post-1322","page","type-page","status-publish","hentry"],"_links":{"self":[{"href":"https:\/\/labone.vn\/kinglab\/wp-json\/wp\/v2\/pages\/1322","targetHints":{"allow":["GET"]}}],"collection":[{"href":"https:\/\/labone.vn\/kinglab\/wp-json\/wp\/v2\/pages"}],"about":[{"href":"https:\/\/labone.vn\/kinglab\/wp-json\/wp\/v2\/types\/page"}],"author":[{"embeddable":true,"href":"https:\/\/labone.vn\/kinglab\/wp-json\/wp\/v2\/users\/1"}],"replies":[{"embeddable":true,"href":"https:\/\/labone.vn\/kinglab\/wp-json\/wp\/v2\/comments?post=1322"}],"version-history":[{"count":13,"href":"https:\/\/labone.vn\/kinglab\/wp-json\/wp\/v2\/pages\/1322\/revisions"}],"predecessor-version":[{"id":1698,"href":"https:\/\/labone.vn\/kinglab\/wp-json\/wp\/v2\/pages\/1322\/revisions\/1698"}],"up":[{"embeddable":true,"href":"https:\/\/labone.vn\/kinglab\/wp-json\/wp\/v2\/pages\/1319"}],"wp:attachment":[{"href":"https:\/\/labone.vn\/kinglab\/wp-json\/wp\/v2\/media?parent=1322"}],"curies":[{"name":"wp","href":"https:\/\/api.w.org\/{rel}","templated":true}]}}