{"id":329,"date":"2022-08-04T07:45:30","date_gmt":"2022-08-04T07:45:30","guid":{"rendered":"https:\/\/labone.vn\/labone\/tecra\/?post_type=product&#038;p=329"},"modified":"2023-06-23T09:56:11","modified_gmt":"2023-06-23T09:56:11","slug":"tu-an-toan-sinh-hoc-cap-i-huyair-bio1","status":"publish","type":"product","link":"https:\/\/labone.vn\/tecra\/product\/tu-an-toan-sinh-hoc-cap-i-huyair-bio1\/","title":{"rendered":"T\u1ee7 An To\u00e0n Sinh H\u1ecdc C\u1ea5p I, HUYAir Bio1"},"content":{"rendered":"<p><span style=\"color: #3366ff;\"><b>T\u00cdNH N\u0102NG AN TO\u00c0N<\/b><\/span><\/p>\n<ul>\n<li><span style=\"color: #000000;\">HUYAir Bio1 trang b\u1ecb h\u1ec7 th\u1ed1ng \u0111i\u1ec1u khi\u1ec3n b\u1eb1ng vi x\u1eed l\u00fd \u201cHUYAir Comprehensive\u201d. H\u1ec7 th\u1ed1ng n\u00e0y \u0111\u01b0\u1ee3c t\u00edch h\u1ee3p m\u1ed9t vi x\u1eed l\u00fd \u0111\u1ec3 theo d\u00f5i \u00e1p su\u1ea5t, c\u1ea3nh b\u00e1o hi\u1ec7u su\u1ea5t thay th\u1ebf b\u1ed9 l\u1ecdc.<\/span><\/li>\n<li><span style=\"color: #000000;\">T\u1ee7 \u0111\u01b0\u1ee3c thi\u1ebft k\u1ebf d\u00f2ng kh\u00ed di chuy\u1ec3n li\u00ean t\u1ee5c v\u00e0o trong t\u1ee7 v\u00e0 t\u1ea1o ra m\u00e0n ch\u1eafn kh\u00f4ng kh\u00ed \u0111i ra gi\u00fap ng\u0103n ch\u1eb7n l\u00e2y nhi\u1ec5m.<\/span><\/li>\n<li><span style=\"color: #000000;\">C\u1ea3nh b\u00e1o c\u1eeda: khi m\u1edf c\u1eeda k\u00ednh v\u01b0\u1ee3t qu\u00e1 gi\u1edbi h\u1ea1n 200 mm, t\u00edn hi\u1ec7u c\u00f2i v\u00e0 \u0111\u00e8n s\u1ebd ho\u1ea1t \u0111\u1ed9ng gi\u00fap ng\u01b0\u1eddi s\u1eed d\u1ee5ng l\u00e0m vi\u1ec7c an to\u00e0n.<\/span><\/li>\n<\/ul>\n<p><span style=\"color: #3366ff;\"><b>C\u00d4NG NGH\u1ec6<\/b><\/span><\/p>\n<ul>\n<li><span style=\"color: #000000;\">Khi \u0111\u00f3ng c\u1eeda k\u00ednh ho\u00e0n to\u00e0n \u0111\u1ed9ng c\u01a1 s\u1ebd t\u1ef1 \u0111\u1ed9ng gi\u1ea3m, c\u00f2n ho\u1ea1t \u0111\u1ed9ng 30% \u0111\u1ec3 ti\u1ebft ki\u1ec7m \u0111i\u1ec7n n\u0103ng, t\u0103ng tu\u1ed5i th\u1ecd cho \u0111\u1ed9ng c\u01a1 v\u00e0 duy tr\u00ec kh\u00f4ng kh\u00ed s\u1ea1ch trong kh\u00f4ng gian l\u00e0m vi\u1ec7c.<\/span><\/li>\n<li><span style=\"color: #000000;\">\u0110\u1ed9ng c\u01a1 s\u1eed d\u1ee5ng qu\u1ea1t ly t\u00e2m EBMpapst \u2013 \u0110\u1ee9c ti\u1ebft ki\u1ec7m n\u0103ng l\u01b0\u1ee3ng, k\u00e9o d\u00e0i tu\u1ed5i th\u1ecd b\u1ed9 l\u1ecdc v\u00e0 gi\u1ea3m ti\u1ebfng \u1ed3n khi ho\u1ea1t \u0111\u1ed9ng.<\/span><\/li>\n<\/ul>\n<p><span style=\"color: #3366ff;\"><b>THI\u1ebeT K\u1ebe<\/b><\/span><\/p>\n<ul>\n<li><span style=\"color: #000000;\">Thi\u1ebft k\u1ebf khoa h\u1ecdc: l\u01b0\u1edbi th\u00f4ng gi\u00f3 h\u1eb9p ph\u00eda tr\u01b0\u1edbc, khung n\u00e2ng v\u00e0 s\u01b0\u1eddn \u0111\u1ee1 t\u1ea1o ra b\u1ec1 m\u1eb7t l\u00e0m vi\u1ec7c tho\u1ea3i m\u00e1i.<\/span><br \/>\n<span style=\"color: #000000;\">V\u00e1ch 2 b\u00ean b\u1eb1ng k\u00ednh c\u01b0\u1eddng l\u1ef1c 5 mm ch\u1ed1ng tia c\u1ef1c t\u00edm v\u00e0 d\u1ec5 d\u00e0ng quan s\u00e1t m\u1eabu c\u0169ng nh\u01b0 qu\u00e1 tr\u00ecnh thao t\u00e1c c\u1ee7a ng\u01b0\u1eddi kh\u00e1c.<\/span><\/li>\n<li><span style=\"color: #000000;\">T\u1ee7 \u0111\u01b0\u1ee3c thi\u1ebft l\u1eadp, v\u1eadn h\u00e0nh v\u00e0 b\u1ea3o tr\u00ec b\u1ed9 l\u1ecdc r\u1ea5t \u0111\u01a1n gi\u1ea3n.<\/span><\/li>\n<\/ul>\n","protected":false},"excerpt":{"rendered":"<div class=\"price-wrapper\">\n<p><span style=\"color: #000000;\"><strong>T\u1ee7 an to\u00e0n sinh h\u1ecdc c\u1ea5p 1, HUYAir Bio1<\/strong> l\u00e0 s\u1ea3n ph\u1ea9m \u0111\u01b0\u1ee3c thi\u1ebft k\u1ebf \u0111\u1ec3 b\u1ea3o v\u1ec7 an to\u00e0n cho ng\u01b0\u1eddi thao t\u00e1c v\u00e0 m\u00f4i tr\u01b0\u1eddng trong qu\u00e1 tr\u00ecnh thao t\u00e1c tr\u1ef1c ti\u1ebfp v\u1edbi v\u1eadt m\u1eabu b\u1ecb \u00f4 nhi\u1ec5m c\u00f3 kh\u1ea3 n\u0103ng l\u00e2y b\u1ec7nh cao. T\u1ee7 c\u1ea5p 1 l\u00e0 s\u01b0 thay th\u1ebf ti\u1ebft ki\u1ec7m cho t\u1ee7 an to\u00e0n c\u1ea5p sinh h\u1ecdc c\u1ea5p 2 s\u1eed d\u1ee5ng trong c\u00e1c \u1ee9ng d\u1ee5ng kh\u00f4ng y\u00eau c\u1ea7u b\u1ea3o v\u1ec7 v\u1eadt ph\u1ea9m.<\/span><\/p>\n<ul>\n<li><span style=\"color: #000000;\">Ch\u1ea5t l\u01b0\u1ee3ng T\u1ee7 an to\u00e0n sinh h\u1ecdc c\u1ea5p I, HUYAir Bio1 \u0111\u00e1p \u1ee9ng ti\u00eau chu\u1ea9n: NSF 49, EN 12469<\/span><\/li>\n<li><span style=\"color: #000000;\">T\u1ee7 \u0111\u1ea1t chu\u1ea9n an to\u00e0n sinh h\u1ecdc c\u1ea5p I do Vi\u1ec7n V\u1ec7 Sinh D\u1ecbch T\u1ec3 TW c\u1ea5p.<\/span><\/li>\n<li><span style=\"color: #000000;\">B\u1ea3o h\u00e0nh : 3 n\u0103m.<\/span><\/li>\n<\/ul>\n<\/div>\n","protected":false},"featured_media":330,"template":"","meta":[],"product_cat":[33],"product_tag":[],"class_list":["post-329","product","type-product","status-publish","has-post-thumbnail","hentry","product_cat-tu-an-toan-sinh-hoc-cap-1"],"_links":{"self":[{"href":"https:\/\/labone.vn\/tecra\/wp-json\/wp\/v2\/product\/329","targetHints":{"allow":["GET"]}}],"collection":[{"href":"https:\/\/labone.vn\/tecra\/wp-json\/wp\/v2\/product"}],"about":[{"href":"https:\/\/labone.vn\/tecra\/wp-json\/wp\/v2\/types\/product"}],"wp:featuredmedia":[{"embeddable":true,"href":"https:\/\/labone.vn\/tecra\/wp-json\/wp\/v2\/media\/330"}],"wp:attachment":[{"href":"https:\/\/labone.vn\/tecra\/wp-json\/wp\/v2\/media?parent=329"}],"wp:term":[{"taxonomy":"product_cat","embeddable":true,"href":"https:\/\/labone.vn\/tecra\/wp-json\/wp\/v2\/product_cat?post=329"},{"taxonomy":"product_tag","embeddable":true,"href":"https:\/\/labone.vn\/tecra\/wp-json\/wp\/v2\/product_tag?post=329"}],"curies":[{"name":"wp","href":"https:\/\/api.w.org\/{rel}","templated":true}]}}